CRAN Package Check Results for Package Rssa

Last updated on 2020-01-18 22:48:44 CET.

Flavor Version Tinstall Tcheck Ttotal Status Flags
r-devel-linux-x86_64-debian-clang 1.0 19.97 122.47 142.44 WARN
r-devel-linux-x86_64-debian-gcc 1.0 14.04 90.82 104.86 WARN
r-devel-linux-x86_64-fedora-clang 1.0 168.01 WARN
r-devel-linux-x86_64-fedora-gcc 1.0 166.82 WARN
r-devel-windows-ix86+x86_64 1.0 46.00 257.00 303.00 OK
r-devel-windows-ix86+x86_64-gcc8 1.0 34.00 204.00 238.00 OK
r-patched-linux-x86_64 1.0 14.47 106.57 121.04 OK
r-patched-solaris-x86 1.0 234.50 OK
r-release-linux-x86_64 1.0 16.12 105.96 122.08 OK
r-release-windows-ix86+x86_64 1.0 43.00 242.00 285.00 OK
r-release-osx-x86_64 1.0 OK
r-oldrel-windows-ix86+x86_64 1.0 37.00 155.00 192.00 OK
r-oldrel-osx-x86_64 1.0 OK

Check Details

Version: 1.0
Check: whether package can be installed
Result: WARN
    Found the following significant warnings:
     'config' variable 'CPP' is deprecated
Flavors: r-devel-linux-x86_64-debian-clang, r-devel-linux-x86_64-debian-gcc, r-devel-linux-x86_64-fedora-clang, r-devel-linux-x86_64-fedora-gcc