CRAN Package Check Results for Package Rtextrankr

Last updated on 2019-09-19 10:48:02 CEST.

Flavor Version Tinstall Tcheck Ttotal Status Flags
r-devel-linux-x86_64-debian-clang 1.0.0 10.04 69.48 79.52 OK
r-devel-linux-x86_64-debian-gcc 1.0.0 8.30 53.03 61.33 OK
r-devel-linux-x86_64-fedora-clang 1.0.0 95.43 OK
r-devel-linux-x86_64-fedora-gcc 1.0.0 96.51 OK
r-devel-windows-ix86+x86_64 1.0.0 21.00 5.00 26.00 ERROR
r-patched-linux-x86_64 1.0.0 9.68 67.04 76.72 OK
r-patched-solaris-x86 1.0.0 138.70 OK
r-release-linux-x86_64 1.0.0 9.00 67.68 76.68 OK
r-release-windows-ix86+x86_64 1.0.0 21.00 84.00 105.00 OK
r-release-osx-x86_64 1.0.0 OK
r-oldrel-windows-ix86+x86_64 1.0.0 11.00 85.00 96.00 OK
r-oldrel-osx-x86_64 1.0.0 OK

Check Details

Version: 1.0.0
Check: whether package can be installed
Result: ERROR
    Installation failed.
Flavor: r-devel-windows-ix86+x86_64