CRAN Package Check Results for Package Rwordseg

Last updated on 2022-08-14 00:54:31 CEST.

Flavor Version Tinstall Tcheck Ttotal Status Flags
r-devel-linux-x86_64-debian-clang 0.3-2 3.41 37.32 40.73 OK
r-devel-linux-x86_64-debian-gcc 0.3-2 2.50 28.91 31.41 OK
r-devel-linux-x86_64-fedora-clang 0.3-2 60.50 NOTE
r-devel-linux-x86_64-fedora-gcc 0.3-2 58.70 NOTE
r-devel-windows-x86_64 0.3-2 12.00 62.00 74.00 OK
r-patched-linux-x86_64 0.3-2 3.28 35.41 38.69 OK
r-release-linux-x86_64 0.3-2 3.41 35.16 38.57 OK
r-release-macos-arm64 0.3-2 20.00 NOTE
r-release-macos-x86_64 0.3-2 30.00 NOTE
r-release-windows-x86_64 0.3-2 6.00 61.00 67.00 OK
r-oldrel-macos-arm64 0.3-2 24.00 NOTE
r-oldrel-macos-x86_64 0.3-2 43.00 NOTE
r-oldrel-windows-ix86+x86_64 0.3-2 8.00 56.00 64.00 OK

Check Details

Version: 0.3-2
Check: Rd cross-references
Result: NOTE
    Undeclared package ‘tm’ in Rd xrefs
Flavor: r-devel-linux-x86_64-fedora-clang

Version: 0.3-2
Check: data for non-ASCII characters
Result: NOTE
     Note: found 2016 marked UTF-8 strings
Flavors: r-devel-linux-x86_64-fedora-clang, r-devel-linux-x86_64-fedora-gcc, r-release-macos-arm64, r-release-macos-x86_64, r-oldrel-macos-arm64, r-oldrel-macos-x86_64