CRAN Package Check Results for Package SAM

Last updated on 2022-01-23 20:52:11 CET.

Flavor Version Tinstall Tcheck Ttotal Status Flags
r-devel-linux-x86_64-debian-clang 1.1.3 64.39 53.32 117.71 OK
r-devel-linux-x86_64-debian-gcc 1.1.3 59.26 46.77 106.03 OK
r-devel-linux-x86_64-fedora-clang 1.1.3 177.09 NOTE
r-devel-linux-x86_64-fedora-gcc 1.1.3 157.55 OK
r-devel-windows-x86_64-new-UL 1.1.3 66.00 95.00 161.00 OK
r-devel-windows-x86_64-new-TK 1.1.3 OK
r-patched-linux-x86_64 1.1.3 63.51 53.80 117.31 OK
r-release-linux-x86_64 1.1.3 65.42 52.85 118.27 OK
r-release-macos-arm64 1.1.3 NOTE
r-release-macos-x86_64 1.1.3 NOTE
r-release-windows-ix86+x86_64 1.1.3 146.00 110.00 256.00 OK
r-oldrel-macos-x86_64 1.1.3 NOTE
r-oldrel-windows-ix86+x86_64 1.1.3 146.00 104.00 250.00 OK

Check Details

Version: 1.1.3
Check: installed package size
Result: NOTE
     installed size is 20.1Mb
     sub-directories of 1Mb or more:
     libs 19.9Mb
Flavors: r-devel-linux-x86_64-fedora-clang, r-release-macos-arm64, r-release-macos-x86_64, r-oldrel-macos-x86_64