CRAN Package Check Results for Package SAMGEP

Last updated on 2023-03-30 07:54:13 CEST.

Flavor Version Tinstall Tcheck Ttotal Status Flags
r-devel-linux-x86_64-debian-clang 0.1.0-1 49.57 298.27 347.84 OK
r-devel-linux-x86_64-debian-gcc 0.1.0-1 38.69 220.60 259.29 OK
r-devel-linux-x86_64-fedora-clang 0.1.0-1 433.96 NOTE
r-devel-linux-x86_64-fedora-gcc 0.1.0-1 457.50 NOTE
r-devel-windows-x86_64 0.1.0-1 50.00 351.00 401.00 OK
r-patched-linux-x86_64 0.1.0-1 40.99 279.79 320.78 OK
r-release-linux-x86_64 0.1.0-1 31.25 281.56 312.81 OK
r-release-macos-arm64 0.1.0-1 126.00 NOTE
r-release-macos-x86_64 0.1.0-1 191.00 NOTE
r-release-windows-x86_64 0.1.0-1 47.00 350.00 397.00 OK
r-oldrel-macos-arm64 0.1.0-1 151.00 NOTE
r-oldrel-macos-x86_64 0.1.0-1 235.00 NOTE
r-oldrel-windows-ix86+x86_64 0.1.0-1 124.00 379.00 503.00 OK

Check Details

Version: 0.1.0-1
Check: dependencies in R code
Result: NOTE
    Namespace in Imports field not imported from: ‘Rcpp’
     All declared Imports should be used.
Flavors: r-devel-linux-x86_64-fedora-clang, r-devel-linux-x86_64-fedora-gcc, r-release-macos-arm64, r-release-macos-x86_64, r-oldrel-macos-arm64, r-oldrel-macos-x86_64