CRAN Package Check Results for Package SAR

Last updated on 2020-01-20 19:47:58 CET.

Flavor Version Tinstall Tcheck Ttotal Status Flags
r-devel-linux-x86_64-debian-clang 1.0.1 71.20 76.43 147.63 NOTE
r-devel-linux-x86_64-debian-gcc 1.0.1 51.00 59.86 110.86 NOTE
r-devel-linux-x86_64-fedora-clang 1.0.1 189.97 NOTE
r-devel-linux-x86_64-fedora-gcc 1.0.1 185.64 NOTE
r-devel-windows-ix86+x86_64 1.0.1 177.00 190.00 367.00 NOTE
r-devel-windows-ix86+x86_64-gcc8 1.0.1 154.00 142.00 296.00 NOTE
r-patched-linux-x86_64 1.0.1 57.41 68.21 125.62 NOTE
r-patched-solaris-x86 1.0.1 191.00 NOTE
r-release-linux-x86_64 1.0.1 58.49 68.68 127.17 NOTE
r-release-windows-ix86+x86_64 1.0.1 124.00 156.00 280.00 NOTE
r-release-osx-x86_64 1.0.1 NOTE
r-oldrel-windows-ix86+x86_64 1.0.1 121.00 113.00 234.00 NOTE
r-oldrel-osx-x86_64 1.0.1 NOTE

Check Details

Version: 1.0.1
Check: for GNU extensions in Makefiles
Result: NOTE
    GNU make is a SystemRequirements.
Flavors: r-devel-linux-x86_64-debian-clang, r-devel-linux-x86_64-debian-gcc, r-devel-linux-x86_64-fedora-clang, r-devel-linux-x86_64-fedora-gcc, r-devel-windows-ix86+x86_64, r-devel-windows-ix86+x86_64-gcc8, r-patched-linux-x86_64, r-patched-solaris-x86, r-release-linux-x86_64, r-release-windows-ix86+x86_64, r-release-osx-x86_64, r-oldrel-windows-ix86+x86_64, r-oldrel-osx-x86_64

Version: 1.0.1
Check: dependencies in R code
Result: NOTE
    Namespaces in Imports field not imported from:
     ‘httr’ ‘jsonlite’
     All declared Imports should be used.
Flavors: r-devel-linux-x86_64-fedora-clang, r-devel-linux-x86_64-fedora-gcc, r-patched-solaris-x86, r-release-osx-x86_64, r-oldrel-osx-x86_64