CRAN Package Check Results for Package SAR

Last updated on 2019-09-16 20:47:58 CEST.

Flavor Version Tinstall Tcheck Ttotal Status Flags
r-devel-linux-x86_64-debian-clang 1.0.1 58.09 68.90 126.99 NOTE
r-devel-linux-x86_64-debian-gcc 1.0.1 52.04 54.65 106.69 NOTE
r-devel-linux-x86_64-fedora-clang 1.0.1 180.22 NOTE
r-devel-linux-x86_64-fedora-gcc 1.0.1 175.67 NOTE
r-devel-windows-ix86+x86_64 1.0.1 174.00 170.00 344.00 NOTE
r-patched-linux-x86_64 1.0.1 53.19 67.50 120.69 NOTE
r-patched-solaris-x86 1.0.1 199.60 NOTE
r-release-linux-x86_64 1.0.1 56.90 68.55 125.45 NOTE
r-release-windows-ix86+x86_64 1.0.1 129.00 120.00 249.00 NOTE
r-release-osx-x86_64 1.0.1 NOTE
r-oldrel-windows-ix86+x86_64 1.0.1 167.00 128.00 295.00 NOTE
r-oldrel-osx-x86_64 1.0.1 NOTE

Check Details

Version: 1.0.1
Check: for GNU extensions in Makefiles
Result: NOTE
    GNU make is a SystemRequirements.
Flavors: r-devel-linux-x86_64-debian-clang, r-devel-linux-x86_64-debian-gcc, r-devel-linux-x86_64-fedora-clang, r-devel-linux-x86_64-fedora-gcc, r-devel-windows-ix86+x86_64, r-patched-linux-x86_64, r-patched-solaris-x86, r-release-linux-x86_64, r-release-windows-ix86+x86_64, r-release-osx-x86_64, r-oldrel-windows-ix86+x86_64, r-oldrel-osx-x86_64

Version: 1.0.1
Check: dependencies in R code
Result: NOTE
    Namespaces in Imports field not imported from:
     ‘httr’ ‘jsonlite’
     All declared Imports should be used.
Flavors: r-devel-linux-x86_64-fedora-clang, r-devel-linux-x86_64-fedora-gcc, r-patched-solaris-x86, r-release-osx-x86_64, r-oldrel-osx-x86_64