CRAN Package Check Results for Package SARP.compo

Last updated on 2019-09-23 17:47:17 CEST.

Flavor Version Tinstall Tcheck Ttotal Status Flags
r-devel-linux-x86_64-debian-clang 0.1.0 6.21 61.53 67.74 NOTE
r-devel-linux-x86_64-debian-gcc 0.1.0 4.66 47.66 52.32 NOTE
r-devel-linux-x86_64-fedora-clang 0.1.0 79.85 NOTE
r-devel-linux-x86_64-fedora-gcc 0.1.0 78.19 NOTE
r-devel-windows-ix86+x86_64 0.1.0 15.00 109.00 124.00 OK
r-patched-linux-x86_64 0.1.0 5.33 59.10 64.43 OK
r-patched-solaris-x86 0.1.0 115.30 OK
r-release-linux-x86_64 0.1.0 5.42 59.52 64.94 OK
r-release-windows-ix86+x86_64 0.1.0 33.00 111.00 144.00 OK
r-release-osx-x86_64 0.1.0 OK
r-oldrel-windows-ix86+x86_64 0.1.0 10.00 84.00 94.00 OK
r-oldrel-osx-x86_64 0.1.0 OK

Check Details

Version: 0.1.0
Check: for non-standard things in the check directory
Result: NOTE
    Found the following files/directories:
     'fichier_test.csv'
Flavors: r-devel-linux-x86_64-debian-clang, r-devel-linux-x86_64-debian-gcc, r-devel-linux-x86_64-fedora-clang, r-devel-linux-x86_64-fedora-gcc