Last updated on 2025-01-21 18:49:53 CET.
Flavor | Version | Tinstall | Tcheck | Ttotal | Status | Flags |
---|---|---|---|---|---|---|
r-devel-linux-x86_64-debian-clang | 1.0-2 | 6.78 | 64.51 | 71.29 | NOTE | |
r-devel-linux-x86_64-debian-gcc | 1.0-2 | 5.65 | 47.52 | 53.17 | NOTE | |
r-devel-linux-x86_64-fedora-clang | 1.0-2 | 116.29 | OK | |||
r-devel-linux-x86_64-fedora-gcc | 1.0-2 | 108.71 | OK | |||
r-devel-windows-x86_64 | 1.0-2 | 8.00 | 82.00 | 90.00 | NOTE | |
r-patched-linux-x86_64 | 1.0-2 | 8.44 | 60.77 | 69.21 | OK | |
r-release-linux-x86_64 | 1.0-2 | 6.53 | 60.80 | 67.33 | OK | |
r-release-macos-arm64 | 1.0-2 | 32.00 | OK | |||
r-release-macos-x86_64 | 1.0-2 | 49.00 | OK | |||
r-release-windows-x86_64 | 1.0-2 | 9.00 | 84.00 | 93.00 | OK | |
r-oldrel-macos-arm64 | 1.0-2 | 37.00 | OK | |||
r-oldrel-macos-x86_64 | 1.0-2 | 58.00 | OK | |||
r-oldrel-windows-x86_64 | 1.0-2 | 9.00 | 94.00 | 103.00 | OK |
Version: 1.0-2
Check: Rd cross-references
Result: NOTE
Found the following Rd file(s) with Rd \link{} targets missing package
anchors:
fitSCI.Rd: mledist, fitdistrplus
genlog.Rd: pdfglo, quaglo, cdfglo
pe3.Rd: pdfpe3, quape3, cdfpe3
Please provide package anchors for all Rd \link{} targets not in the
package itself and the base packages.
Flavors: r-devel-linux-x86_64-debian-clang, r-devel-linux-x86_64-debian-gcc, r-devel-windows-x86_64