Last updated on 2023-03-30 08:53:51 CEST.
Flavor | Version | Tinstall | Tcheck | Ttotal | Status | Flags |
---|---|---|---|---|---|---|
r-devel-linux-x86_64-debian-clang | 0.1.1 | 26.99 | 48.58 | 75.57 | NOTE | |
r-devel-linux-x86_64-debian-gcc | 0.1.1 | 24.24 | 36.16 | 60.40 | NOTE | |
r-devel-linux-x86_64-fedora-clang | 0.1.1 | 109.00 | NOTE | |||
r-devel-linux-x86_64-fedora-gcc | 0.1.1 | 119.79 | NOTE | |||
r-devel-windows-x86_64 | 0.1.1 | 32.00 | 109.00 | 141.00 | NOTE | |
r-patched-linux-x86_64 | 0.1.1 | 25.71 | 46.56 | 72.27 | NOTE | |
r-release-linux-x86_64 | 0.1.1 | 20.62 | 46.85 | 67.47 | NOTE | |
r-release-macos-arm64 | 0.1.1 | 30.00 | NOTE | |||
r-release-macos-x86_64 | 0.1.1 | 42.00 | NOTE | |||
r-release-windows-x86_64 | 0.1.1 | 30.00 | 112.00 | 142.00 | NOTE | |
r-oldrel-macos-arm64 | 0.1.1 | 39.00 | NOTE | |||
r-oldrel-macos-x86_64 | 0.1.1 | 57.00 | NOTE | |||
r-oldrel-windows-ix86+x86_64 | 0.1.1 | 72.00 | 102.00 | 174.00 | NOTE |
Version: 0.1.1
Check: LazyData
Result: NOTE
'LazyData' is specified without a 'data' directory
Flavors: r-devel-linux-x86_64-debian-clang, r-devel-linux-x86_64-debian-gcc, r-devel-linux-x86_64-fedora-clang, r-devel-linux-x86_64-fedora-gcc, r-devel-windows-x86_64, r-patched-linux-x86_64, r-release-linux-x86_64, r-release-macos-arm64, r-release-macos-x86_64, r-release-windows-x86_64, r-oldrel-macos-arm64, r-oldrel-macos-x86_64, r-oldrel-windows-ix86+x86_64
Version: 0.1.1
Check: dependencies in R code
Result: NOTE
Namespaces in Imports field not imported from:
‘Matrix’ ‘pracma’
All declared Imports should be used.
Flavors: r-devel-linux-x86_64-fedora-clang, r-devel-linux-x86_64-fedora-gcc, r-release-macos-arm64, r-release-macos-x86_64, r-oldrel-macos-arm64, r-oldrel-macos-x86_64