CRAN Package Check Results for Package SCRABBLE

Last updated on 2019-10-15 02:49:11 CEST.

Flavor Version Tinstall Tcheck Ttotal Status Flags
r-devel-linux-x86_64-debian-clang 0.0.1 54.17 75.43 129.60 WARN
r-devel-linux-x86_64-debian-gcc 0.0.1 45.31 60.95 106.26 WARN
r-devel-linux-x86_64-fedora-clang 0.0.1 173.16 WARN
r-devel-linux-x86_64-fedora-gcc 0.0.1 180.72 WARN
r-devel-windows-ix86+x86_64 0.0.1 85.00 143.00 228.00 OK
r-patched-linux-x86_64 0.0.1 50.45 73.90 124.35 WARN
r-patched-solaris-x86 0.0.1 194.70 OK
r-release-linux-x86_64 0.0.1 48.75 74.76 123.51 WARN
r-release-windows-ix86+x86_64 0.0.1 113.00 201.00 314.00 OK
r-release-osx-x86_64 0.0.1 NOTE
r-oldrel-windows-ix86+x86_64 0.0.1 71.00 127.00 198.00 WARN
r-oldrel-osx-x86_64 0.0.1 NOTE

Check Details

Version: 0.0.1
Check: re-building of vignette outputs
Result: WARN
    Error(s) in re-building vignettes:
     ...
    --- re-building 'my-vignette.Rmd' using rmarkdown
    ! LaTeX Error: Missing \begin{document}.
    
    Error: processing vignette 'my-vignette.Rmd' failed with diagnostics:
    Failed to compile my-vignette.tex. See https://yihui.name/tinytex/r/#debugging for debugging tips. See my-vignette.log for more info.
    --- failed re-building 'my-vignette.Rmd'
    
    SUMMARY: processing the following file failed:
     'my-vignette.Rmd'
    
    Error: Vignette re-building failed.
    Execution halted
Flavors: r-devel-linux-x86_64-debian-clang, r-devel-linux-x86_64-debian-gcc, r-patched-linux-x86_64, r-release-linux-x86_64

Version: 0.0.1
Check: installed package size
Result: NOTE
     installed size is 16.5Mb
     sub-directories of 1Mb or more:
     libs 16.1Mb
Flavors: r-devel-linux-x86_64-fedora-clang, r-release-osx-x86_64, r-oldrel-osx-x86_64

Version: 0.0.1
Check: re-building of vignette outputs
Result: WARN
    Error(s) in re-building vignettes:
    --- re-building ‘my-vignette.Rmd’ using rmarkdown
    ! LaTeX Error: Missing \begin{document}.
    
    Error: processing vignette 'my-vignette.Rmd' failed with diagnostics:
    Failed to compile my-vignette.tex. See https://yihui.name/tinytex/r/#debugging for debugging tips. See my-vignette.log for more info.
    --- failed re-building ‘my-vignette.Rmd’
    
    SUMMARY: processing the following file failed:
     ‘my-vignette.Rmd’
    
    Error: Vignette re-building failed.
    Execution halted
Flavors: r-devel-linux-x86_64-fedora-clang, r-devel-linux-x86_64-fedora-gcc

Version: 0.0.1
Check: package dependencies
Result: NOTE
    Package suggested but not available for checking: ‘BiocStyle’
Flavors: r-release-osx-x86_64, r-oldrel-osx-x86_64

Version: 0.0.1
Check: whether package can be installed
Result: WARN
    Found the following significant warnings:
     Warning: S3 methods '[.fun_list', '[.grouped_df', 'all.equal.tbl_df', 'anti_join.data.frame', 'anti_join.tbl_df', 'arrange.data.frame', 'arrange.default', 'arrange.grouped_df', 'arrange.tbl_df', 'arrange_.data.frame', 'arrange_.tbl_df', 'as.data.frame.grouped_df', 'as.data.frame.rowwise_df', 'as.data.frame.tbl_cube', 'as.table.tbl_cube', 'as.tbl.data.frame', 'as.tbl.tbl', 'as.tbl_cube.array', 'as.tbl_cube.data.frame', 'as.tbl_cube.matrix', 'as.tbl_cube.table', 'as_tibble.grouped_df', 'as_tibble.tbl_cube', 'auto_copy.tbl_cube', 'auto_copy.tbl_df', 'cbind.grouped_df', 'collapse.data.frame', 'collect.data.frame', 'common_by.NULL', 'common_by.character', 'common_by.default', 'common_by.list', 'compute.data.frame', 'copy_to.DBIConnection', 'copy_to.src_local', 'default_missing.data.frame', 'default_missing.default', 'dim.tbl_cube', 'distinct.data.frame', 'distinct.default', 'distinct.grouped_df', 'distinct.tbl_df', 'distinct_.data.frame', 'distinct_.grouped_df', 'distinct_.tbl_df', 'do.NULL', 'do.da [... truncated]
Flavor: r-oldrel-windows-ix86+x86_64