Last updated on 2022-05-24 08:53:39 CEST.
Flavor | Version | Tinstall | Tcheck | Ttotal | Status | Flags |
---|---|---|---|---|---|---|
r-devel-linux-x86_64-debian-clang | 0.3.1 | 4.45 | 88.03 | 92.48 | OK | |
r-devel-linux-x86_64-debian-gcc | 0.3.1 | 2.73 | 67.34 | 70.07 | OK | |
r-devel-linux-x86_64-fedora-clang | 0.3.1 | 107.09 | OK | |||
r-devel-linux-x86_64-fedora-gcc | 0.3.1 | 106.45 | OK | |||
r-devel-windows-x86_64 | 0.3.1 | 26.00 | 117.00 | 143.00 | OK | |
r-patched-linux-x86_64 | 0.3.1 | 7.85 | 84.09 | 91.94 | OK | |
r-release-linux-x86_64 | 0.3.1 | OK | ||||
r-release-macos-arm64 | 0.3.1 | 37.00 | OK | |||
r-release-macos-x86_64 | 0.3.1 | 5.00 | ERROR | |||
r-release-windows-x86_64 | 0.3.1 | 21.00 | 120.00 | 141.00 | OK | |
r-oldrel-macos-arm64 | 0.3.1 | 50.00 | OK | |||
r-oldrel-macos-x86_64 | 0.3.1 | 56.00 | OK | |||
r-oldrel-windows-ix86+x86_64 | 0.3.1 | 9.00 | 118.00 | 127.00 | OK |
Version: 0.3.1
Check: package dependencies
Result: ERROR
Package required but not available: ‘Synth’
See section ‘The DESCRIPTION file’ in the ‘Writing R Extensions’
manual.
Flavor: r-release-macos-x86_64