CRAN Package Check Results for Package SELF

Last updated on 2022-06-27 14:53:54 CEST.

Flavor Version Tinstall Tcheck Ttotal Status Flags
r-devel-linux-x86_64-debian-clang 0.1.1 26.40 79.21 105.61 NOTE
r-devel-linux-x86_64-debian-gcc 0.1.1 18.68 58.94 77.62 NOTE
r-devel-linux-x86_64-fedora-clang 0.1.1 142.72 NOTE
r-devel-linux-x86_64-fedora-gcc 0.1.1 132.58 NOTE
r-devel-windows-x86_64 0.1.1 30.00 120.00 150.00 NOTE
r-patched-linux-x86_64 0.1.1 22.34 72.65 94.99 NOTE
r-release-linux-x86_64 0.1.1 25.08 73.16 98.24 NOTE
r-release-macos-arm64 0.1.1 40.00 NOTE
r-release-macos-x86_64 0.1.1 50.00 NOTE
r-release-windows-x86_64 0.1.1 25.00 117.00 142.00 NOTE
r-oldrel-macos-arm64 0.1.1 45.00 NOTE
r-oldrel-macos-x86_64 0.1.1 76.00 NOTE
r-oldrel-windows-ix86+x86_64 0.1.1 61.00 139.00 200.00 NOTE

Check Details

Version: 0.1.1
Check: LazyData
Result: NOTE
     'LazyData' is specified without a 'data' directory
Flavors: r-devel-linux-x86_64-debian-clang, r-devel-linux-x86_64-debian-gcc, r-devel-linux-x86_64-fedora-clang, r-devel-linux-x86_64-fedora-gcc, r-devel-windows-x86_64, r-patched-linux-x86_64, r-release-linux-x86_64, r-release-macos-arm64, r-release-macos-x86_64, r-release-windows-x86_64, r-oldrel-macos-arm64, r-oldrel-macos-x86_64, r-oldrel-windows-ix86+x86_64