CRAN Package Check Results for Package SHELF

Last updated on 2024-06-17 08:51:21 CEST.

Flavor Version Tinstall Tcheck Ttotal Status Flags
r-devel-linux-x86_64-debian-clang 1.10.0 16.54 132.55 149.09 OK
r-devel-linux-x86_64-debian-gcc 1.10.0 11.89 96.05 107.94 OK
r-devel-linux-x86_64-fedora-clang 1.10.0 198.96 OK
r-devel-linux-x86_64-fedora-gcc 1.10.0 180.30 OK
r-devel-windows-x86_64 1.10.0 14.00 104.00 118.00 ERROR
r-patched-linux-x86_64 1.10.0 17.58 124.02 141.60 OK
r-release-linux-x86_64 1.10.0 9.69 126.92 136.61 OK
r-release-macos-arm64 1.10.0 56.00 OK
r-release-macos-x86_64 1.10.0 101.00 OK
r-release-windows-x86_64 1.10.0 14.00 110.00 124.00 OK
r-oldrel-macos-arm64 1.10.0 55.00 OK
r-oldrel-macos-x86_64 1.10.0 119.00 OK
r-oldrel-windows-x86_64 1.10.0 18.00 132.00 150.00 OK

Check Details

Version: 1.10.0
Check: re-building of vignette outputs
Result: ERROR Error(s) in re-building vignettes: --- re-building 'Dirichlet-elicitation.Rmd' using rmarkdown --- finished re-building 'Dirichlet-elicitation.Rmd' --- re-building 'Multivariate-normal-copula.Rmd' using rmarkdown Quitting from lines 173-177 [unnamed-chunk-11] (Multivariate-normal-copula.Rmd) Error: processing vignette 'Multivariate-normal-copula.Rmd' failed with diagnostics: failed convergence, try with solver="RFB" --- failed re-building 'Multivariate-normal-copula.Rmd' --- re-building 'SHELF-overview.Rmd' using rmarkdown --- finished re-building 'SHELF-overview.Rmd' SUMMARY: processing the following file failed: 'Multivariate-normal-copula.Rmd' Error: Vignette re-building failed. Execution halted Flavor: r-devel-windows-x86_64