Last updated on 2022-06-25 18:51:15 CEST.
Flavor | Version | Tinstall | Tcheck | Ttotal | Status | Flags |
---|---|---|---|---|---|---|
r-devel-linux-x86_64-debian-clang | 0.2.0 | 16.99 | 488.40 | 505.39 | OK | |
r-devel-linux-x86_64-debian-gcc | 0.2.0 | 14.03 | 393.60 | 407.63 | OK | |
r-devel-linux-x86_64-fedora-clang | 0.2.0 | 559.44 | NOTE | |||
r-devel-linux-x86_64-fedora-gcc | 0.2.0 | 599.29 | NOTE | |||
r-devel-windows-x86_64 | 0.2.0 | 24.00 | 512.00 | 536.00 | OK | |
r-patched-linux-x86_64 | 0.2.0 | 16.22 | 437.59 | 453.81 | OK | |
r-release-linux-x86_64 | 0.2.0 | 16.82 | 475.35 | 492.17 | OK | |
r-release-macos-arm64 | 0.2.0 | 159.00 | NOTE | |||
r-release-macos-x86_64 | 0.2.0 | 195.00 | NOTE | |||
r-release-windows-x86_64 | 0.2.0 | 20.00 | 474.00 | 494.00 | OK | |
r-oldrel-macos-arm64 | 0.2.0 | 158.00 | NOTE | |||
r-oldrel-macos-x86_64 | 0.2.0 | 178.00 | NOTE | |||
r-oldrel-windows-ix86+x86_64 | 0.2.0 | 32.00 | 529.00 | 561.00 | OK |
Version: 0.2.0
Check: dependencies in R code
Result: NOTE
Namespace in Imports field not imported from: ‘qpdf’
All declared Imports should be used.
Flavors: r-devel-linux-x86_64-fedora-clang, r-devel-linux-x86_64-fedora-gcc, r-release-macos-arm64, r-release-macos-x86_64, r-oldrel-macos-arm64, r-oldrel-macos-x86_64