CRAN Package Check Results for Package SIfEK

Last updated on 2023-06-03 03:57:45 CEST.

Flavor Version Tinstall Tcheck Ttotal Status Flags
r-devel-linux-x86_64-debian-clang 0.1.0 6.52 55.34 61.86 NOTE
r-devel-linux-x86_64-debian-gcc 0.1.0 3.41 40.71 44.12 NOTE
r-devel-linux-x86_64-fedora-clang 0.1.0 74.82 NOTE
r-devel-linux-x86_64-fedora-gcc 0.1.0 80.51 NOTE
r-devel-windows-x86_64 0.1.0 6.00 62.00 68.00 OK
r-patched-linux-x86_64 0.1.0 NOTE
r-release-linux-x86_64 0.1.0 6.03 53.30 59.33 NOTE
r-release-macos-arm64 0.1.0 25.00 OK
r-release-macos-x86_64 0.1.0 35.00 OK
r-release-windows-x86_64 0.1.0 7.00 66.00 73.00 OK
r-oldrel-macos-arm64 0.1.0 25.00 OK
r-oldrel-macos-x86_64 0.1.0 31.00 OK
r-oldrel-windows-x86_64 0.1.0 7.00 65.00 72.00 OK

Check Details

Version: 0.1.0
Check: for non-standard things in the check directory
Result: NOTE
    Found the following files/directories:
     ‘MM.csv’ ‘Simul.csv’ ‘catalytic.csv’
Flavors: r-devel-linux-x86_64-debian-clang, r-devel-linux-x86_64-debian-gcc, r-devel-linux-x86_64-fedora-clang, r-devel-linux-x86_64-fedora-gcc, r-patched-linux-x86_64, r-release-linux-x86_64