CRAN Package Check Results for Package SLBDD

Last updated on 2022-01-25 19:50:46 CET.

Flavor Version Tinstall Tcheck Ttotal Status Flags
r-devel-linux-x86_64-debian-clang 0.0.2 54.37 277.95 332.32 OK
r-devel-linux-x86_64-debian-gcc 0.0.2 47.10 218.67 265.77 OK
r-devel-linux-x86_64-fedora-clang 0.0.2 387.20 NOTE
r-devel-linux-x86_64-fedora-gcc 0.0.2 390.57 NOTE
r-devel-windows-x86_64-new-UL 0.0.2 82.00 298.00 380.00 NOTE
r-devel-windows-x86_64-new-TK 0.0.2 NOTE
r-patched-linux-x86_64 0.0.2 51.96 252.79 304.75 OK
r-release-linux-x86_64 0.0.2 39.16 253.33 292.49 OK
r-release-macos-arm64 0.0.2 NOTE
r-release-macos-x86_64 0.0.2 NOTE
r-release-windows-ix86+x86_64 0.0.2 81.00 280.00 361.00 NOTE
r-oldrel-macos-x86_64 0.0.2 NOTE
r-oldrel-windows-ix86+x86_64 0.0.2 83.00 283.00 366.00 NOTE

Check Details

Version: 0.0.2
Check: installed package size
Result: NOTE
     installed size is 5.0Mb
     sub-directories of 1Mb or more:
     data 4.6Mb
Flavors: r-devel-linux-x86_64-fedora-clang, r-devel-windows-x86_64-new-UL, r-release-macos-arm64, r-release-macos-x86_64, r-release-windows-ix86+x86_64, r-oldrel-macos-x86_64, r-oldrel-windows-ix86+x86_64

Version: 0.0.2
Check: data for non-ASCII characters
Result: NOTE
     Note: found 23 marked UTF-8 strings
Flavors: r-devel-linux-x86_64-fedora-clang, r-devel-linux-x86_64-fedora-gcc, r-devel-windows-x86_64-new-TK, r-release-macos-arm64, r-release-macos-x86_64, r-oldrel-macos-x86_64