CRAN Package Check Results for Package SLHD

Last updated on 2022-08-11 07:51:56 CEST.

Flavor Version Tinstall Tcheck Ttotal Status Flags
r-devel-linux-x86_64-debian-clang 2.1-1 4.04 21.22 25.26 OK
r-devel-linux-x86_64-debian-gcc 2.1-1 2.76 16.51 19.27 OK
r-devel-linux-x86_64-fedora-clang 2.1-1 40.32 NOTE
r-devel-linux-x86_64-fedora-gcc 2.1-1 38.66 NOTE
r-devel-windows-x86_64 2.1-1 9.00 46.00 55.00 OK
r-patched-linux-x86_64 2.1-1 3.37 19.46 22.83 OK
r-release-linux-x86_64 2.1-1 OK
r-release-macos-arm64 2.1-1 17.00 OK
r-release-macos-x86_64 2.1-1 22.00 OK
r-release-windows-x86_64 2.1-1 7.00 45.00 52.00 OK
r-oldrel-macos-arm64 2.1-1 20.00 OK
r-oldrel-macos-x86_64 2.1-1 29.00 OK
r-oldrel-windows-ix86+x86_64 2.1-1 8.00 44.00 52.00 OK

Check Details

Version: 2.1-1
Check: compiled code
Result: NOTE
    File ‘SLHD/libs/SLHD.so’:
     Found no calls to: ‘R_registerRoutines’, ‘R_useDynamicSymbols’
    
    It is good practice to register native routines and to disable symbol
    search.
    
    See ‘Writing portable packages’ in the ‘Writing R Extensions’ manual.
Flavors: r-devel-linux-x86_64-fedora-clang, r-devel-linux-x86_64-fedora-gcc