CRAN Package Check Results for Package SLTCA

Last updated on 2023-03-24 22:00:05 CET.

Flavor Version Tinstall Tcheck Ttotal Status Flags
r-devel-linux-x86_64-debian-clang 0.1.0 4.75 44.97 49.72 NOTE
r-devel-linux-x86_64-debian-gcc 0.1.0 2.39 33.02 35.41 NOTE
r-devel-linux-x86_64-fedora-clang 0.1.0 60.70 NOTE
r-devel-linux-x86_64-fedora-gcc 0.1.0 60.67 NOTE
r-devel-windows-x86_64 0.1.0 9.00 73.00 82.00 NOTE
r-patched-linux-x86_64 0.1.0 3.53 45.47 49.00 NOTE
r-release-linux-x86_64 0.1.0 3.85 44.50 48.35 NOTE
r-release-macos-arm64 0.1.0 21.00 NOTE
r-release-macos-x86_64 0.1.0 34.00 NOTE
r-release-windows-x86_64 0.1.0 8.00 72.00 80.00 NOTE
r-oldrel-macos-arm64 0.1.0 26.00 NOTE
r-oldrel-macos-x86_64 0.1.0 40.00 NOTE
r-oldrel-windows-ix86+x86_64 0.1.0 8.00 70.00 78.00 NOTE

Check Details

Version: 0.1.0
Check: LazyData
Result: NOTE
     'LazyData' is specified without a 'data' directory
Flavors: r-devel-linux-x86_64-debian-clang, r-devel-linux-x86_64-debian-gcc, r-devel-linux-x86_64-fedora-clang, r-devel-linux-x86_64-fedora-gcc, r-devel-windows-x86_64, r-patched-linux-x86_64, r-release-linux-x86_64, r-release-macos-arm64, r-release-macos-x86_64, r-release-windows-x86_64, r-oldrel-macos-arm64, r-oldrel-macos-x86_64, r-oldrel-windows-ix86+x86_64