CRAN Package Check Results for Package SMDIC

Last updated on 2022-12-02 18:50:23 CET.

Flavor Version Tinstall Tcheck Ttotal Status Flags
r-devel-linux-x86_64-debian-clang 0.1.3 53.20 499.21 552.41 OK
r-devel-linux-x86_64-debian-gcc 0.1.3 43.29 376.11 419.40 OK
r-devel-linux-x86_64-fedora-clang 0.1.3 728.99 NOTE
r-devel-linux-x86_64-fedora-gcc 0.1.3 733.53 NOTE
r-devel-windows-x86_64 0.1.3 54.00 525.00 579.00 OK
r-patched-linux-x86_64 0.1.3 52.10 479.17 531.27 OK
r-release-linux-x86_64 0.1.3 53.21 484.86 538.07 OK
r-release-macos-arm64 0.1.3 173.00 NOTE
r-release-macos-x86_64 0.1.3 302.00 NOTE
r-release-windows-x86_64 0.1.3 55.00 529.00 584.00 OK
r-oldrel-macos-arm64 0.1.3 254.00 NOTE
r-oldrel-macos-x86_64 0.1.3 218.00 NOTE
r-oldrel-windows-ix86+x86_64 0.1.3 113.00 491.00 604.00 OK

Additional issues

donttest

Check Details

Version: 0.1.3
Check: dependencies in R code
Result: NOTE
    Namespace in Imports field not imported from: ‘quadprog’
     All declared Imports should be used.
Flavors: r-devel-linux-x86_64-fedora-clang, r-devel-linux-x86_64-fedora-gcc, r-release-macos-arm64, r-release-macos-x86_64, r-oldrel-macos-arm64, r-oldrel-macos-x86_64