CRAN Package Check Results for Package SNPknock

Last updated on 2019-09-22 13:46:23 CEST.

Flavor Version Tinstall Tcheck Ttotal Status Flags
r-devel-linux-x86_64-debian-clang 0.8.2 58.91 203.42 262.33 OK
r-devel-linux-x86_64-debian-gcc 0.8.2 52.24 142.12 194.36 OK
r-devel-linux-x86_64-fedora-clang 0.8.2 330.98 NOTE
r-devel-linux-x86_64-fedora-gcc 0.8.2 313.48 OK
r-devel-windows-ix86+x86_64 0.8.2 184.00 435.00 619.00 NOTE
r-patched-linux-x86_64 0.8.2 54.48 188.53 243.01 OK
r-patched-solaris-x86 0.8.2 473.80 OK
r-release-linux-x86_64 0.8.2 59.33 193.49 252.82 OK
r-release-windows-ix86+x86_64 0.8.2 141.00 322.00 463.00 NOTE
r-release-osx-x86_64 0.8.2 NOTE
r-oldrel-windows-ix86+x86_64 0.8.2 129.00 311.00 440.00 NOTE
r-oldrel-osx-x86_64 0.8.2 NOTE

Check Details

Version: 0.8.2
Check: installed package size
Result: NOTE
     installed size is 6.0Mb
     sub-directories of 1Mb or more:
     extdata 3.1Mb
     libs 2.6Mb
Flavors: r-devel-linux-x86_64-fedora-clang, r-devel-windows-ix86+x86_64, r-release-windows-ix86+x86_64, r-release-osx-x86_64, r-oldrel-windows-ix86+x86_64, r-oldrel-osx-x86_64