CRAN Package Check Results for Package SNPknock

Last updated on 2020-02-27 20:48:39 CET.

Flavor Version Tinstall Tcheck Ttotal Status Flags
r-devel-linux-x86_64-debian-clang 0.8.2 73.92 225.72 299.64 OK
r-devel-linux-x86_64-debian-gcc 0.8.2 49.24 158.14 207.38 OK
r-devel-linux-x86_64-fedora-clang 0.8.2 350.36 NOTE
r-devel-linux-x86_64-fedora-gcc 0.8.2 337.02 OK
r-devel-windows-ix86+x86_64 0.8.2 132.00 340.00 472.00 NOTE
r-devel-windows-ix86+x86_64-gcc8 0.8.2 157.00 374.00 531.00 NOTE
r-patched-linux-x86_64 0.8.2 61.23 195.65 256.88 OK
r-patched-solaris-x86 0.8.2 471.50 OK
r-release-linux-x86_64 0.8.2 59.91 191.81 251.72 OK
r-release-windows-ix86+x86_64 0.8.2 134.00 323.00 457.00 NOTE
r-release-osx-x86_64 0.8.2 NOTE
r-oldrel-windows-ix86+x86_64 0.8.2 127.00 305.00 432.00 NOTE
r-oldrel-osx-x86_64 0.8.2 NOTE

Check Details

Version: 0.8.2
Check: installed package size
Result: NOTE
     installed size is 6.1Mb
     sub-directories of 1Mb or more:
     extdata 3.1Mb
     libs 2.6Mb
Flavors: r-devel-linux-x86_64-fedora-clang, r-devel-windows-ix86+x86_64, r-devel-windows-ix86+x86_64-gcc8, r-release-windows-ix86+x86_64, r-release-osx-x86_64, r-oldrel-windows-ix86+x86_64, r-oldrel-osx-x86_64