CRAN Package Check Results for Package SPAS

Last updated on 2020-02-27 20:48:40 CET.

Flavor Version Tinstall Tcheck Ttotal Status Flags
r-devel-linux-x86_64-debian-clang 2020.1.1 75.74 91.85 167.59 OK
r-devel-linux-x86_64-debian-gcc 2020.1.1 62.17 72.76 134.93 OK
r-devel-linux-x86_64-fedora-clang 2020.1.1 224.90 NOTE
r-devel-linux-x86_64-fedora-gcc 2020.1.1 224.49 OK
r-devel-windows-ix86+x86_64 2020.1.1 110.00 131.00 241.00 NOTE
r-devel-windows-ix86+x86_64-gcc8 2020.1.1 112.00 145.00 257.00 NOTE
r-patched-linux-x86_64 2020.1.1 60.93 82.20 143.13 OK
r-patched-solaris-x86 2020.1.1 222.10 OK
r-release-linux-x86_64 2020.1.1 63.26 82.24 145.50 OK
r-release-windows-ix86+x86_64 2020.1.1 107.00 125.00 232.00 NOTE
r-release-osx-x86_64 2020.1.1 NOTE
r-oldrel-windows-ix86+x86_64 2020.1.1 103.00 106.00 209.00 NOTE
r-oldrel-osx-x86_64 2020.1.1 NOTE

Check Details

Version: 2020.1.1
Check: installed package size
Result: NOTE
     installed size is 17.7Mb
     sub-directories of 1Mb or more:
     libs 17.0Mb
Flavors: r-devel-linux-x86_64-fedora-clang, r-devel-windows-ix86+x86_64, r-devel-windows-ix86+x86_64-gcc8, r-release-windows-ix86+x86_64, r-release-osx-x86_64, r-oldrel-windows-ix86+x86_64, r-oldrel-osx-x86_64