CRAN Package Check Results for Package SQDA

Last updated on 2020-01-19 13:47:42 CET.

Flavor Version Tinstall Tcheck Ttotal Status Flags
r-devel-linux-x86_64-debian-clang 1.0 3.22 41.09 44.31 NOTE
r-devel-linux-x86_64-debian-gcc 1.0 2.24 30.96 33.20 NOTE
r-devel-linux-x86_64-fedora-clang 1.0 53.34 NOTE
r-devel-linux-x86_64-fedora-gcc 1.0 51.37 NOTE
r-devel-windows-ix86+x86_64 1.0 11.00 54.00 65.00 NOTE
r-devel-windows-ix86+x86_64-gcc8 1.0 7.00 51.00 58.00 NOTE
r-patched-linux-x86_64 1.0 2.50 37.24 39.74 NOTE
r-patched-solaris-x86 1.0 73.50 NOTE
r-release-linux-x86_64 1.0 2.19 37.19 39.38 NOTE
r-release-windows-ix86+x86_64 1.0 6.00 54.00 60.00 NOTE
r-release-osx-x86_64 1.0 NOTE
r-oldrel-windows-ix86+x86_64 1.0 4.00 68.00 72.00 NOTE
r-oldrel-osx-x86_64 1.0 NOTE

Check Details

Version: 1.0
Check: R code for possible problems
Result: NOTE
    sGda : <anonymous>: no visible global function definition for 'cov'
    sortgene: no visible global function definition for 'model.matrix'
    Undefined global functions or variables:
     cov model.matrix
    Consider adding
     importFrom("stats", "cov", "model.matrix")
    to your NAMESPACE file.
Flavors: r-devel-linux-x86_64-debian-clang, r-devel-linux-x86_64-debian-gcc, r-devel-linux-x86_64-fedora-clang, r-devel-linux-x86_64-fedora-gcc, r-devel-windows-ix86+x86_64, r-devel-windows-ix86+x86_64-gcc8, r-patched-linux-x86_64, r-patched-solaris-x86, r-release-linux-x86_64, r-release-windows-ix86+x86_64, r-release-osx-x86_64, r-oldrel-windows-ix86+x86_64, r-oldrel-osx-x86_64