CRAN Package Check Results for Package SQDA

Last updated on 2020-08-10 02:47:11 CEST.

Flavor Version Tinstall Tcheck Ttotal Status Flags
r-devel-linux-x86_64-debian-clang 1.0 3.17 41.84 45.01 NOTE
r-devel-linux-x86_64-debian-gcc 1.0 2.37 31.52 33.89 NOTE
r-devel-linux-x86_64-fedora-clang 1.0 61.92 NOTE
r-devel-linux-x86_64-fedora-gcc 1.0 50.82 NOTE
r-devel-windows-ix86+x86_64 1.0 11.00 48.00 59.00 NOTE
r-patched-linux-x86_64 1.0 3.01 40.66 43.67 NOTE
r-patched-solaris-x86 1.0 76.70 NOTE
r-release-linux-x86_64 1.0 3.38 40.52 43.90 NOTE
r-release-macos-x86_64 1.0 NOTE
r-release-windows-ix86+x86_64 1.0 9.00 69.00 78.00 NOTE
r-oldrel-macos-x86_64 1.0 NOTE
r-oldrel-windows-ix86+x86_64 1.0 8.00 66.00 74.00 NOTE

Check Details

Version: 1.0
Check: R code for possible problems
Result: NOTE
    sGda : <anonymous>: no visible global function definition for 'cov'
    sortgene: no visible global function definition for 'model.matrix'
    Undefined global functions or variables:
     cov model.matrix
    Consider adding
     importFrom("stats", "cov", "model.matrix")
    to your NAMESPACE file.
Flavors: r-devel-linux-x86_64-debian-clang, r-devel-linux-x86_64-debian-gcc, r-devel-linux-x86_64-fedora-clang, r-devel-linux-x86_64-fedora-gcc, r-devel-windows-ix86+x86_64, r-patched-linux-x86_64, r-patched-solaris-x86, r-release-linux-x86_64, r-release-macos-x86_64, r-release-windows-ix86+x86_64, r-oldrel-macos-x86_64, r-oldrel-windows-ix86+x86_64