CRAN Package Check Results for Package SQUAREM

Last updated on 2024-06-17 07:49:48 CEST.

Flavor Version Tinstall Tcheck Ttotal Status Flags
r-devel-linux-x86_64-debian-clang 2021.1 2.45 32.32 34.77 NOTE
r-devel-linux-x86_64-debian-gcc 2021.1 1.75 25.06 26.81 NOTE
r-devel-linux-x86_64-fedora-clang 2021.1 47.20 NOTE
r-devel-linux-x86_64-fedora-gcc 2021.1 54.24 NOTE
r-devel-windows-x86_64 2021.1 3.00 58.00 61.00 NOTE
r-patched-linux-x86_64 2021.1 2.05 30.97 33.02 NOTE
r-release-linux-x86_64 2021.1 2.52 32.16 34.68 NOTE
r-release-macos-arm64 2021.1 23.00 NOTE
r-release-macos-x86_64 2021.1 34.00 NOTE
r-release-windows-x86_64 2021.1 3.00 56.00 59.00 NOTE
r-oldrel-macos-arm64 2021.1 27.00 OK
r-oldrel-macos-x86_64 2021.1 37.00 OK
r-oldrel-windows-x86_64 2021.1 3.00 58.00 61.00 OK

Check Details

Version: 2021.1
Check: Rd files
Result: NOTE checkRd: (-1) fpiter.Rd:55-58: Lost braces 55 | \code{tol}{ - a small, positive scalar that determines when iterations | ^ checkRd: (-1) fpiter.Rd:60-61: Lost braces 60 | \code{maxiter}{ - an integer denoting the maximum limit on the number of | ^ checkRd: (-1) fpiter.Rd:63-65: Lost braces 63 | \code{trace}{ - a logical variable denoting whether some of the intermediate | ^ checkRd: (-1) fpiter.Rd:67-70: Lost braces 67 | \code{intermed}}{ - a logical variable denoting whether the intermediate | ^ checkRd: (-1) squarem.Rd:134: Lost braces 134 | along with the corresponding log-likelihood value. When the code{objfn} is not specified it will return the fixed-point residual instead of the objective function values. | ^ Flavors: r-devel-linux-x86_64-debian-clang, r-devel-linux-x86_64-debian-gcc, r-devel-linux-x86_64-fedora-clang, r-devel-linux-x86_64-fedora-gcc, r-devel-windows-x86_64, r-patched-linux-x86_64, r-release-linux-x86_64, r-release-macos-arm64, r-release-macos-x86_64, r-release-windows-x86_64