Last updated on 2023-12-09 10:49:57 CET.
Flavor | Version | Tinstall | Tcheck | Ttotal | Status | Flags |
---|---|---|---|---|---|---|
r-devel-linux-x86_64-debian-clang | 0.2.9 | 64.51 | 592.27 | 656.78 | OK | |
r-devel-linux-x86_64-debian-gcc | 0.2.9 | 51.41 | 437.77 | 489.18 | OK | |
r-devel-linux-x86_64-fedora-clang | 0.2.9 | 795.87 | NOTE | |||
r-devel-linux-x86_64-fedora-gcc | 0.2.9 | 786.22 | OK | |||
r-devel-windows-x86_64 | 0.2.9 | 54.00 | 409.00 | 463.00 | OK | |
r-patched-linux-x86_64 | 0.2.9 | 47.31 | 574.59 | 621.90 | OK | |
r-release-linux-x86_64 | 0.2.9 | 41.50 | 560.55 | 602.05 | OK | |
r-release-macos-arm64 | 0.2.9 | 235.00 | OK | |||
r-release-macos-x86_64 | 0.2.9 | 490.00 | OK | |||
r-release-windows-x86_64 | 0.2.9 | 72.00 | 562.00 | 634.00 | OK | |
r-oldrel-macos-arm64 | 0.2.9 | 233.00 | OK | |||
r-oldrel-macos-x86_64 | 0.2.8 | 310.00 | NOTE | |||
r-oldrel-windows-x86_64 | 0.2.9 | 73.00 | 536.00 | 609.00 | OK |
Version: 0.2.9
Check: package dependencies
Result: NOTE
Imports includes 24 non-default packages.
Importing from so many packages makes the package vulnerable to any of
them becoming unavailable. Move as many as possible to Suggests and
use conditionally.
Flavor: r-devel-linux-x86_64-fedora-clang
Version: 0.2.8
Check: dependencies in R code
Result: NOTE
Namespace in Imports field not imported from: ‘shinyFiles’
All declared Imports should be used.
Flavor: r-oldrel-macos-x86_64