CRAN Package Check Results for Package STAT

Last updated on 2020-01-23 06:53:24 CET.

Flavor Version Tinstall Tcheck Ttotal Status Flags
r-devel-linux-x86_64-debian-clang 0.1.0 0.38 2.38 2.76 ERROR
r-devel-linux-x86_64-debian-gcc 0.1.0 1.86 13.79 15.65 OK
r-devel-linux-x86_64-fedora-clang 0.1.0 2.43 ERROR
r-devel-linux-x86_64-fedora-gcc 0.1.0 1.34 ERROR
r-devel-windows-ix86+x86_64 0.1.0 22.00 52.00 74.00 OK
r-devel-windows-ix86+x86_64-gcc8 0.1.0 28.00 33.00 61.00 OK
r-patched-linux-x86_64 0.1.0 0.23 2.17 2.40 ERROR
r-patched-solaris-x86 0.1.0 4.00 ERROR
r-release-linux-x86_64 0.1.0 0.22 2.07 2.29 ERROR
r-release-windows-ix86+x86_64 0.1.0 7.00 41.00 48.00 OK
r-release-osx-x86_64 0.1.0 NOTE
r-oldrel-windows-ix86+x86_64 0.1.0 4.00 28.00 32.00 OK
r-oldrel-osx-x86_64 0.1.0 NOTE

Check Details

Version: 0.1.0
Check: package dependencies
Result: ERROR
    Package required but not available: 'psycho'
    
    See section 'The DESCRIPTION file' in the 'Writing R Extensions'
    manual.
Flavors: r-devel-linux-x86_64-debian-clang, r-devel-linux-x86_64-fedora-clang, r-devel-linux-x86_64-fedora-gcc, r-patched-linux-x86_64, r-patched-solaris-x86, r-release-linux-x86_64

Version: 0.1.0
Check: dependencies in R code
Result: NOTE
    Namespaces in Imports field not imported from:
     ‘Hmisc’ ‘corrgram’ ‘datasets’ ‘dplyr’ ‘psych’ ‘psycho’ ‘rpivotTable’
     ‘shiny’
     All declared Imports should be used.
Flavors: r-release-osx-x86_64, r-oldrel-osx-x86_64