CRAN Package Check Results for Package STAT

Last updated on 2019-09-15 05:46:28 CEST.

Flavor Version Tinstall Tcheck Ttotal Status Flags
r-devel-linux-x86_64-debian-clang 0.1.0 2.34 16.68 19.02 OK
r-devel-linux-x86_64-debian-gcc 0.1.0 1.36 13.71 15.07 OK
r-devel-linux-x86_64-fedora-clang 0.1.0 23.34 NOTE
r-devel-linux-x86_64-fedora-gcc 0.1.0 23.13 NOTE
r-devel-windows-ix86+x86_64 0.1.0 13.00 48.00 61.00 OK
r-patched-linux-x86_64 0.1.0 1.56 16.68 18.24 OK
r-patched-solaris-x86 0.1.0 39.10 NOTE
r-release-linux-x86_64 0.1.0 1.08 16.74 17.82 OK
r-release-windows-ix86+x86_64 0.1.0 5.00 32.00 37.00 OK
r-release-osx-x86_64 0.1.0 NOTE
r-oldrel-windows-ix86+x86_64 0.1.0 8.00 31.00 39.00 OK
r-oldrel-osx-x86_64 0.1.0 NOTE

Check Details

Version: 0.1.0
Check: dependencies in R code
Result: NOTE
    Namespaces in Imports field not imported from:
     ‘Hmisc’ ‘corrgram’ ‘datasets’ ‘dplyr’ ‘psych’ ‘psycho’ ‘rpivotTable’
     ‘shiny’
     All declared Imports should be used.
Flavors: r-devel-linux-x86_64-fedora-clang, r-devel-linux-x86_64-fedora-gcc, r-patched-solaris-x86, r-release-osx-x86_64, r-oldrel-osx-x86_64