CRAN Package Check Results for Package STAT2

Last updated on 2020-12-02 07:49:31 CET.

Flavor Version Tinstall Tcheck Ttotal Status Flags
r-devel-linux-x86_64-debian-clang 0.1.0 5.38 19.86 25.24 OK
r-devel-linux-x86_64-debian-gcc 0.1.0 2.65 17.29 19.94 OK
r-devel-linux-x86_64-fedora-clang 0.1.0 34.66 NOTE
r-devel-linux-x86_64-fedora-gcc 0.1.0 24.67 NOTE
r-devel-windows-ix86+x86_64 0.1.0 7.00 35.00 42.00 OK
r-patched-linux-x86_64 0.1.0 2.97 19.83 22.80 OK
r-patched-solaris-x86 0.1.0 38.50 NOTE
r-release-linux-x86_64 0.1.0 2.41 19.31 21.72 OK
r-release-macos-x86_64 0.1.0 NOTE
r-release-windows-ix86+x86_64 0.1.0 6.00 27.00 33.00 OK
r-oldrel-macos-x86_64 0.1.0 ERROR

Check Details

Version: 0.1.0
Check: dependencies in R code
Result: NOTE
    Namespaces in Imports field not imported from:
     ‘Hmisc’ ‘corrgram’ ‘datasets’ ‘dplyr’ ‘psych’ ‘psycho’ ‘rpivotTable’
     ‘shiny’
     All declared Imports should be used.
Flavors: r-devel-linux-x86_64-fedora-clang, r-devel-linux-x86_64-fedora-gcc, r-patched-solaris-x86, r-release-macos-x86_64

Version: 0.1.0
Check: whether package can be installed
Result: ERROR
    Installation failed.
Flavor: r-oldrel-macos-x86_64