CRAN Package Check Results for Package STMotif

Last updated on 2020-06-06 15:48:37 CEST.

Flavor Version Tinstall Tcheck Ttotal Status Flags
r-devel-linux-x86_64-debian-clang 2.0.0 5.49 49.66 55.15 OK
r-devel-linux-x86_64-debian-gcc 2.0.0 4.10 37.97 42.07 OK
r-devel-linux-x86_64-fedora-clang 2.0.0 72.63 NOTE
r-devel-linux-x86_64-fedora-gcc 2.0.0 63.52 NOTE
r-devel-windows-ix86+x86_64 2.0.0 19.00 84.00 103.00 OK
r-patched-linux-x86_64 2.0.0 5.42 48.20 53.62 OK
r-patched-solaris-x86 2.0.0 99.40 NOTE
r-release-linux-x86_64 2.0.0 5.16 47.79 52.95 OK
r-release-osx-x86_64 2.0.0 NOTE
r-release-windows-ix86+x86_64 2.0.0 18.00 110.00 128.00 OK
r-oldrel-osx-x86_64 2.0.0 NOTE
r-oldrel-windows-ix86+x86_64 2.0.0 18.00 100.00 118.00 OK

Check Details

Version: 2.0.0
Check: dependencies in R code
Result: NOTE
    Namespace in Imports field not imported from: ‘shiny’
     All declared Imports should be used.
Flavors: r-devel-linux-x86_64-fedora-clang, r-devel-linux-x86_64-fedora-gcc, r-patched-solaris-x86, r-release-osx-x86_64, r-oldrel-osx-x86_64