CRAN Package Check Results for Package ScottKnott

Last updated on 2022-01-22 22:52:25 CET.

Flavor Version Tinstall Tcheck Ttotal Status Flags
r-devel-linux-x86_64-debian-clang 1.3-0 12.22 105.10 117.32 OK
r-devel-linux-x86_64-debian-gcc 1.3-0 10.09 77.76 87.85 OK
r-devel-linux-x86_64-fedora-clang 1.3-0 140.06 OK
r-devel-linux-x86_64-fedora-gcc 1.3-0 126.03 OK
r-devel-windows-x86_64-new-UL 1.3-0 59.00 119.00 178.00 OK
r-devel-windows-x86_64-new-TK 1.3-0 ERROR
r-patched-linux-x86_64 1.3-0 13.59 96.15 109.74 OK
r-release-linux-x86_64 1.3-0 8.21 96.77 104.98 OK
r-release-macos-arm64 1.3-0 OK
r-release-macos-x86_64 1.3-0 OK
r-release-windows-ix86+x86_64 1.3-0 26.00 116.00 142.00 OK
r-oldrel-macos-x86_64 1.3-0 OK
r-oldrel-windows-ix86+x86_64 1.3-0 26.00 119.00 145.00 OK

Check Details

Version: 1.3-0
Check: package dependencies
Result: ERROR
    Package required but not available: 'doBy'
    
    Package suggested but not available for checking: 'lme4'
    
    See section 'The DESCRIPTION file' in the 'Writing R Extensions'
    manual.
Flavor: r-devel-windows-x86_64-new-TK