CRAN Package Check Results for Package SecKW

Last updated on 2023-03-23 02:49:56 CET.

Flavor Version Tinstall Tcheck Ttotal Status Flags
r-devel-linux-x86_64-debian-clang 0.2 1.88 22.45 24.33 NOTE
r-devel-linux-x86_64-debian-gcc 0.2 2.02 17.56 19.58 NOTE
r-devel-linux-x86_64-fedora-clang 0.2 33.91 NOTE
r-devel-linux-x86_64-fedora-gcc 0.2 31.09 NOTE
r-devel-windows-x86_64 0.2 9.00 52.00 61.00 NOTE
r-patched-linux-x86_64 0.2 1.97 23.35 25.32 NOTE
r-release-linux-x86_64 0.2 2.52 22.71 25.23 NOTE
r-release-macos-arm64 0.2 15.00 NOTE
r-release-macos-x86_64 0.2 20.00 NOTE
r-release-windows-x86_64 0.2 10.00 49.00 59.00 NOTE
r-oldrel-macos-arm64 0.2 19.00 NOTE
r-oldrel-macos-x86_64 0.2 27.00 NOTE
r-oldrel-windows-ix86+x86_64 0.2 6.00 48.00 54.00 NOTE

Check Details

Version: 0.2
Check: LazyData
Result: NOTE
     'LazyData' is specified without a 'data' directory
Flavors: r-devel-linux-x86_64-debian-clang, r-devel-linux-x86_64-debian-gcc, r-devel-linux-x86_64-fedora-clang, r-devel-linux-x86_64-fedora-gcc, r-devel-windows-x86_64, r-patched-linux-x86_64, r-release-linux-x86_64, r-release-macos-arm64, r-release-macos-x86_64, r-release-windows-x86_64, r-oldrel-macos-arm64, r-oldrel-macos-x86_64, r-oldrel-windows-ix86+x86_64