CRAN Package Check Results for Package SemNetCleaner

Last updated on 2024-06-22 01:50:54 CEST.

Flavor Version Tinstall Tcheck Ttotal Status Flags
r-devel-linux-x86_64-debian-clang 1.3.4 7.60 52.58 60.18 NOTE
r-devel-linux-x86_64-debian-gcc 1.3.4 5.67 39.68 45.35 NOTE
r-devel-linux-x86_64-fedora-clang 1.3.4 78.08 NOTE
r-devel-linux-x86_64-fedora-gcc 1.3.4 82.77 NOTE
r-devel-windows-x86_64 1.3.4 7.00 63.00 70.00 NOTE
r-patched-linux-x86_64 1.3.4 15.30 49.47 64.77 NOTE
r-release-linux-x86_64 1.3.4 4.37 50.91 55.28 NOTE
r-release-macos-arm64 1.3.4 33.00 NOTE
r-release-macos-x86_64 1.3.4 46.00 NOTE
r-release-windows-x86_64 1.3.4 7.00 62.00 69.00 NOTE
r-oldrel-macos-arm64 1.3.4 34.00 OK
r-oldrel-macos-x86_64 1.3.4 53.00 OK
r-oldrel-windows-x86_64 1.3.4 9.00 69.00 78.00 OK

Check Details

Version: 1.3.4
Check: Rd files
Result: NOTE checkRd: (-1) convert2snafu.Rd:26: Lost braces in \itemize; meant \describe ? checkRd: (-1) convert2snafu.Rd:28-29: Lost braces in \itemize; meant \describe ? checkRd: (-1) convert2snafu.Rd:31-32: Lost braces in \itemize; meant \describe ? checkRd: (-1) convert2snafu.Rd:34: Lost braces in \itemize; meant \describe ? checkRd: (-1) convert2snafu.Rd:36: Lost braces in \itemize; meant \describe ? checkRd: (-1) convert2snafu.Rd:38: Lost braces in \itemize; meant \describe ? checkRd: (-1) convert2snafu.Rd:40-41: Lost braces in \itemize; meant \describe ? checkRd: (-1) correct.changes.Rd:24-25: Lost braces in \itemize; \value handles \item{}{} directly checkRd: (-1) correct.changes.Rd:28-29: Lost braces in \itemize; \value handles \item{}{} directly checkRd: (-1) correct.changes.Rd:40: Lost braces in \itemize; \value handles \item{}{} directly checkRd: (-1) correct.changes.Rd:43: Lost braces in \itemize; \value handles \item{}{} directly checkRd: (-1) correct.changes.Rd:46: Lost braces in \itemize; \value handles \item{}{} directly checkRd: (-1) correct.changes.Rd:57: Lost braces in \itemize; \value handles \item{}{} directly checkRd: (-1) correct.changes.Rd:60: Lost braces in \itemize; \value handles \item{}{} directly checkRd: (-1) textcleaner.Rd:50: Lost braces in \itemize; meant \describe ? checkRd: (-1) textcleaner.Rd:53: Lost braces in \itemize; meant \describe ? checkRd: (-1) textcleaner.Rd:100-101: Lost braces in \itemize; \value handles \item{}{} directly checkRd: (-1) textcleaner.Rd:104-105: Lost braces in \itemize; \value handles \item{}{} directly checkRd: (-1) textcleaner.Rd:116: Lost braces in \itemize; \value handles \item{}{} directly checkRd: (-1) textcleaner.Rd:119: Lost braces in \itemize; \value handles \item{}{} directly checkRd: (-1) textcleaner.Rd:130: Lost braces in \itemize; \value handles \item{}{} directly checkRd: (-1) textcleaner.Rd:133: Lost braces in \itemize; \value handles \item{}{} directly Flavors: r-devel-linux-x86_64-debian-clang, r-devel-linux-x86_64-debian-gcc, r-devel-linux-x86_64-fedora-clang, r-devel-linux-x86_64-fedora-gcc, r-devel-windows-x86_64, r-patched-linux-x86_64, r-release-linux-x86_64, r-release-macos-arm64, r-release-macos-x86_64, r-release-windows-x86_64

Version: 1.3.4
Check: dependencies in R code
Result: NOTE Namespaces in Imports field not imported from: ‘editData’ ‘miniUI’ All declared Imports should be used. Flavors: r-devel-linux-x86_64-fedora-clang, r-devel-linux-x86_64-fedora-gcc