CRAN Package Check Results for Package SemNetDictionaries

Last updated on 2022-01-19 10:17:47 CET.

Flavor Version Tinstall Tcheck Ttotal Status Flags
r-devel-linux-x86_64-debian-clang 0.2.0 OK
r-devel-linux-x86_64-debian-gcc 0.1.9 3.54 35.66 39.20 OK
r-devel-linux-x86_64-fedora-clang 0.2.0 36.56 NOTE
r-devel-linux-x86_64-fedora-gcc 0.2.0 28.47 NOTE
r-devel-windows-x86_64-new-UL 0.2.0 166.00 71.00 237.00 OK
r-devel-windows-x86_64-new-TK 0.2.0 NOTE
r-patched-linux-x86_64 0.1.9 5.09 42.64 47.73 OK
r-release-linux-x86_64 0.1.9 OK
r-release-macos-arm64 0.1.9 NOTE
r-release-macos-x86_64 0.2.0 NOTE
r-release-windows-ix86+x86_64 0.2.0 13.00 54.00 67.00 OK
r-oldrel-macos-x86_64 0.1.9 NOTE
r-oldrel-windows-ix86+x86_64 0.1.9 9.00 54.00 63.00 OK

Check Details

Version: 0.2.0
Check: dependencies in R code
Result: NOTE
    Namespace in Imports field not imported from: ‘knitr’
     All declared Imports should be used.
Flavors: r-devel-linux-x86_64-fedora-clang, r-devel-linux-x86_64-fedora-gcc, r-devel-windows-x86_64-new-TK, r-release-macos-x86_64

Version: 0.2.0
Check: Rd cross-references
Result: NOTE
    Undeclared package ‘SemNetCleaner’ in Rd xrefs
Flavor: r-devel-linux-x86_64-fedora-clang

Version: 0.1.9
Check: dependencies in R code
Result: NOTE
    Namespace in Imports field not imported from: ‘knitr’
     All declared Imports should be used.
Flavors: r-release-macos-arm64, r-oldrel-macos-x86_64