CRAN Package Check Results for Package SemiPar

Last updated on 2021-09-19 21:49:27 CEST.

Flavor Version Tinstall Tcheck Ttotal Status Flags
r-devel-linux-x86_64-debian-clang 1.0-4.2 6.28 55.22 61.50 OK
r-devel-linux-x86_64-debian-gcc 1.0-4.2 5.01 42.64 47.65 OK
r-devel-linux-x86_64-fedora-clang 1.0-4.2 82.98 OK
r-devel-linux-x86_64-fedora-gcc 1.0-4.2 71.76 OK
r-devel-windows-x86_64 1.0-4.2 8.00 60.00 68.00 OK
r-devel-windows-x86_64-gcc10-UCRT 1.0-4.2 ERROR
r-patched-linux-x86_64 1.0-4.2 7.28 54.10 61.38 OK
r-patched-solaris-x86 1.0-4.2 99.30 OK
r-release-linux-x86_64 1.0-4.2 6.47 53.75 60.22 OK
r-release-macos-arm64 1.0-4.2 OK
r-release-macos-x86_64 1.0-4.2 OK
r-release-windows-ix86+x86_64 1.0-4.2 10.00 80.00 90.00 OK
r-oldrel-macos-x86_64 1.0-4.2 OK
r-oldrel-windows-ix86+x86_64 1.0-4.2 10.00 79.00 89.00 OK

Check Details

Version: 1.0-4.2
Check: whether package can be installed
Result: WARN
    Found the following significant warnings:
     WARNING: installation-time patches will not be applied, could not get the patches index
Flavor: r-devel-windows-x86_64-gcc10-UCRT

Version: 1.0-4.2
Check: PDF version of manual
Result: WARN
    LaTeX errors when creating PDF version.
    This typically indicates Rd problems.
Flavor: r-devel-windows-x86_64-gcc10-UCRT

Version: 1.0-4.2
Check: PDF version of manual without hyperrefs or index
Result: ERROR
    Re-running with no redirection of stdout/stderr.
Flavor: r-devel-windows-x86_64-gcc10-UCRT