CRAN Package Check Results for Package SeqExpMatch

Last updated on 2022-01-18 13:16:16 CET.

Flavor Version Tinstall Tcheck Ttotal Status Flags
r-devel-linux-x86_64-debian-clang 0.1.0 4.10 33.75 37.85 OK
r-devel-linux-x86_64-debian-gcc 0.1.0 3.56 28.06 31.62 OK
r-devel-linux-x86_64-fedora-clang 0.1.0 48.87 OK
r-devel-linux-x86_64-fedora-gcc 0.1.0 37.65 OK
r-devel-windows-x86_64-new-UL 0.1.0 28.00 55.00 83.00 OK
r-devel-windows-x86_64-new-TK 0.1.0 OK
r-patched-linux-x86_64 0.1.0 4.98 33.50 38.48 NOTE
r-release-linux-x86_64 0.1.0 NOTE
r-release-macos-arm64 0.1.0 OK
r-release-macos-x86_64 0.1.0 OK
r-release-windows-ix86+x86_64 0.1.0 9.00 44.00 53.00 OK
r-oldrel-macos-x86_64 0.1.0 OK
r-oldrel-windows-ix86+x86_64 0.1.0 10.00 41.00 51.00 OK

Check Details

Version: 0.1.0
Check: DESCRIPTION meta-information
Result: NOTE
    Dependence on R version ‘3.6.3’ not with patchlevel 0
Flavors: r-patched-linux-x86_64, r-release-linux-x86_64