CRAN Package Check Results for Package SharpeR

Last updated on 2019-10-15 02:49:12 CEST.

Flavor Version Tinstall Tcheck Ttotal Status Flags
r-devel-linux-x86_64-debian-clang 1.2.0 5.90 136.45 142.35 OK
r-devel-linux-x86_64-debian-gcc 1.2.0 4.42 102.69 107.11 OK
r-devel-linux-x86_64-fedora-clang 1.2.0 167.70 NOTE
r-devel-linux-x86_64-fedora-gcc 1.2.0 171.40 NOTE
r-devel-windows-ix86+x86_64 1.2.0 9.00 160.00 169.00 OK
r-patched-linux-x86_64 1.2.0 4.44 132.85 137.29 OK
r-patched-solaris-x86 1.2.0 206.20 NOTE
r-release-linux-x86_64 1.2.0 5.61 133.94 139.55 OK
r-release-windows-ix86+x86_64 1.2.0 14.00 221.00 235.00 OK
r-release-osx-x86_64 1.2.0 NOTE
r-oldrel-windows-ix86+x86_64 1.2.0 7.00 175.00 182.00 OK
r-oldrel-osx-x86_64 1.2.0 NOTE

Check Details

Version: 1.2.0
Check: dependencies in R code
Result: NOTE
    Namespace in Imports field not imported from: ‘methods’
     All declared Imports should be used.
Flavors: r-devel-linux-x86_64-fedora-clang, r-devel-linux-x86_64-fedora-gcc, r-patched-solaris-x86, r-release-osx-x86_64, r-oldrel-osx-x86_64