CRAN Package Check Results for Package ShiftConvolvePoibin

Last updated on 2022-12-09 14:52:49 CET.

Flavor Version Tinstall Tcheck Ttotal Status Flags
r-devel-linux-x86_64-debian-clang 1.0.0 5.64 23.77 29.41 NOTE
r-devel-linux-x86_64-debian-gcc 1.0.0 5.24 20.57 25.81 NOTE
r-devel-linux-x86_64-fedora-clang 1.0.0 48.09 NOTE
r-devel-linux-x86_64-fedora-gcc 1.0.0 47.08 NOTE
r-devel-windows-x86_64 1.0.0 32.00 52.00 84.00 NOTE
r-patched-linux-x86_64 1.0.0 5.95 23.03 28.98 NOTE
r-release-linux-x86_64 1.0.0 5.67 22.93 28.60 NOTE
r-release-macos-arm64 1.0.0 16.00 NOTE
r-release-macos-x86_64 1.0.0 21.00 NOTE
r-release-windows-x86_64 1.0.0 12.00 44.00 56.00 NOTE
r-oldrel-macos-arm64 1.0.0 23.00 NOTE
r-oldrel-macos-x86_64 1.0.0 27.00 NOTE
r-oldrel-windows-ix86+x86_64 1.0.0 27.00 43.00 70.00 NOTE

Check Details

Version: 1.0.0
Check: LazyData
Result: NOTE
     'LazyData' is specified without a 'data' directory
Flavors: r-devel-linux-x86_64-debian-clang, r-devel-linux-x86_64-debian-gcc, r-devel-linux-x86_64-fedora-clang, r-devel-linux-x86_64-fedora-gcc, r-devel-windows-x86_64, r-patched-linux-x86_64, r-release-linux-x86_64, r-release-macos-arm64, r-release-macos-x86_64, r-release-windows-x86_64, r-oldrel-macos-arm64, r-oldrel-macos-x86_64, r-oldrel-windows-ix86+x86_64