CRAN Package Check Results for Package SigOptR

Last updated on 2021-04-15 06:48:00 CEST.

Flavor Version Tinstall Tcheck Ttotal Status Flags
r-devel-linux-x86_64-debian-clang 0.0.1 2.17 20.57 22.74 NOTE
r-devel-linux-x86_64-debian-gcc 0.0.1 1.60 16.52 18.12 NOTE
r-devel-linux-x86_64-fedora-clang 0.0.1 36.95 NOTE
r-devel-linux-x86_64-fedora-gcc 0.0.1 27.37 NOTE
r-devel-windows-ix86+x86_64 0.0.1 4.00 36.00 40.00 NOTE
r-devel-windows-x86_64-gcc10-UCRT 0.0.1 NOTE
r-patched-linux-x86_64 0.0.1 1.95 20.42 22.37 OK
r-patched-solaris-x86 0.0.1 42.50 OK
r-release-linux-x86_64 0.0.1 1.87 20.26 22.13 OK
r-release-macos-x86_64 0.0.1 OK
r-release-windows-ix86+x86_64 0.0.1 22.00 37.00 59.00 OK
r-oldrel-macos-x86_64 0.0.1 OK
r-oldrel-windows-ix86+x86_64 0.0.1 4.00 26.00 30.00 OK

Check Details

Version: 0.0.1
Check: LazyData
Result: NOTE
     'LazyData' is specified without a 'data' directory
Flavors: r-devel-linux-x86_64-debian-clang, r-devel-linux-x86_64-debian-gcc, r-devel-linux-x86_64-fedora-clang, r-devel-linux-x86_64-fedora-gcc, r-devel-windows-ix86+x86_64, r-devel-windows-x86_64-gcc10-UCRT