Last updated on 2022-06-26 00:51:48 CEST.
Flavor | Version | Tinstall | Tcheck | Ttotal | Status | Flags |
---|---|---|---|---|---|---|
r-devel-linux-x86_64-debian-clang | 0.1.1 | 17.48 | 239.51 | 256.99 | NOTE | |
r-devel-linux-x86_64-debian-gcc | 0.1.1 | 17.71 | 171.35 | 189.06 | NOTE | |
r-devel-linux-x86_64-fedora-clang | 0.1.1 | 315.07 | NOTE | |||
r-devel-linux-x86_64-fedora-gcc | 0.1.1 | 307.05 | NOTE | |||
r-devel-windows-x86_64 | 0.1.1 | 70.00 | 269.00 | 339.00 | NOTE | |
r-patched-linux-x86_64 | 0.1.1 | 14.19 | 224.63 | 238.82 | NOTE | |
r-release-linux-x86_64 | 0.1.1 | 13.87 | 220.12 | 233.99 | NOTE | |
r-release-macos-arm64 | 0.1.1 | 81.00 | NOTE | |||
r-release-macos-x86_64 | 0.1.1 | 151.00 | NOTE | |||
r-release-windows-x86_64 | 0.1.1 | 63.00 | 266.00 | 329.00 | NOTE | |
r-oldrel-macos-arm64 | 0.1.1 | 116.00 | NOTE | |||
r-oldrel-macos-x86_64 | 0.1.1 | 172.00 | NOTE | |||
r-oldrel-windows-ix86+x86_64 | 0.1.1 | 51.00 | 287.00 | 338.00 | NOTE |
Version: 0.1.1
Check: LazyData
Result: NOTE
'LazyData' is specified without a 'data' directory
Flavors: r-devel-linux-x86_64-debian-clang, r-devel-linux-x86_64-debian-gcc, r-devel-linux-x86_64-fedora-clang, r-devel-linux-x86_64-fedora-gcc, r-devel-windows-x86_64, r-patched-linux-x86_64, r-release-linux-x86_64, r-release-macos-arm64, r-release-macos-x86_64, r-release-windows-x86_64, r-oldrel-macos-arm64, r-oldrel-macos-x86_64, r-oldrel-windows-ix86+x86_64
Version: 0.1.1
Check: dependencies in R code
Result: NOTE
Namespaces in Imports field not imported from:
‘MASS’ ‘grid’
All declared Imports should be used.
Flavors: r-devel-linux-x86_64-fedora-clang, r-devel-linux-x86_64-fedora-gcc, r-release-macos-arm64, r-release-macos-x86_64, r-oldrel-macos-arm64, r-oldrel-macos-x86_64
Version: 0.1.1
Check: Rd cross-references
Result: NOTE
Undeclared packages ‘GenOrd’, ‘PoisNor’ in Rd xrefs
Flavor: r-devel-linux-x86_64-fedora-clang