CRAN Package Check Results for Package SimPhe

Last updated on 2020-12-05 05:48:26 CET.

Flavor Version Tinstall Tcheck Ttotal Status Flags
r-devel-linux-x86_64-debian-clang 0.2.0 3.60 31.22 34.82 NOTE
r-devel-linux-x86_64-debian-gcc 0.2.0 2.45 24.92 27.37 NOTE
r-devel-linux-x86_64-fedora-clang 0.2.0 48.51 NOTE
r-devel-linux-x86_64-fedora-gcc 0.2.0 39.40 NOTE
r-devel-windows-ix86+x86_64 0.2.0 7.00 47.00 54.00 OK
r-patched-linux-x86_64 0.2.0 3.47 31.17 34.64 NOTE
r-patched-solaris-x86 0.2.0 59.70 NOTE
r-release-linux-x86_64 0.2.0 2.92 30.60 33.52 NOTE
r-release-macos-x86_64 0.2.0 OK
r-release-windows-ix86+x86_64 0.2.0 6.00 38.00 44.00 OK
r-oldrel-macos-x86_64 0.2.0 OK
r-oldrel-windows-ix86+x86_64 0.2.0 5.00 48.00 53.00 OK

Check Details

Version: 0.2.0
Check: for non-standard things in the check directory
Result: NOTE
    Found the following files/directories:
     'simu.pheno' 'usedpars.txt'
Flavors: r-devel-linux-x86_64-debian-clang, r-devel-linux-x86_64-debian-gcc, r-devel-linux-x86_64-fedora-clang, r-devel-linux-x86_64-fedora-gcc, r-patched-linux-x86_64, r-patched-solaris-x86, r-release-linux-x86_64