CRAN Package Check Results for Package SimRVPedigree

Last updated on 2019-11-18 14:47:55 CET.

Flavor Version Tinstall Tcheck Ttotal Status Flags
r-devel-linux-x86_64-debian-clang 0.3.0 7.76 249.89 257.65 OK
r-devel-linux-x86_64-debian-gcc 0.3.0 7.36 189.58 196.94 OK
r-devel-linux-x86_64-fedora-clang 0.3.0 286.91 NOTE
r-devel-linux-x86_64-fedora-gcc 0.3.0 286.76 NOTE
r-devel-windows-ix86+x86_64 0.3.0 24.00 317.00 341.00 OK
r-patched-linux-x86_64 0.3.0 6.79 248.44 255.23 OK
r-patched-solaris-x86 0.3.0 341.40 NOTE
r-release-linux-x86_64 0.3.0 6.82 224.83 231.65 OK
r-release-windows-ix86+x86_64 0.3.0 14.00 299.00 313.00 OK
r-release-osx-x86_64 0.3.0 NOTE
r-oldrel-windows-ix86+x86_64 0.3.0 8.00 136.00 144.00 OK
r-oldrel-osx-x86_64 0.3.0 NOTE

Check Details

Version: 0.3.0
Check: dependencies in R code
Result: NOTE
    Namespace in Imports field not imported from: ‘dplyr’
     All declared Imports should be used.
Flavors: r-devel-linux-x86_64-fedora-clang, r-devel-linux-x86_64-fedora-gcc, r-patched-solaris-x86, r-release-osx-x86_64, r-oldrel-osx-x86_64