CRAN Package Check Results for Package SimRVPedigree

Last updated on 2020-06-06 13:52:50 CEST.

Flavor Version Tinstall Tcheck Ttotal Status Flags
r-devel-linux-x86_64-debian-clang 0.4.4 8.44 296.73 305.17 OK
r-devel-linux-x86_64-debian-gcc 0.4.4 7.42 212.50 219.92 OK
r-devel-linux-x86_64-fedora-clang 0.4.4 369.60 NOTE
r-devel-linux-x86_64-fedora-gcc 0.4.4 376.44 NOTE
r-devel-windows-ix86+x86_64 0.4.4 24.00 374.00 398.00 OK
r-patched-linux-x86_64 0.4.4 8.42 293.09 301.51 OK
r-patched-solaris-x86 0.4.4 434.10 NOTE
r-release-linux-x86_64 0.4.4 8.82 305.71 314.53 OK
r-release-osx-x86_64 0.4.4 NOTE
r-release-windows-ix86+x86_64 0.4.4 26.00 372.00 398.00 OK
r-oldrel-osx-x86_64 0.4.4 NOTE
r-oldrel-windows-ix86+x86_64 0.4.4 20.00 361.00 381.00 OK

Check Details

Version: 0.4.4
Check: dependencies in R code
Result: NOTE
    Namespace in Imports field not imported from: ‘dplyr’
     All declared Imports should be used.
Flavors: r-devel-linux-x86_64-fedora-clang, r-devel-linux-x86_64-fedora-gcc, r-patched-solaris-x86, r-release-osx-x86_64, r-oldrel-osx-x86_64