CRAN Package Check Results for Package SinIW

Last updated on 2023-03-23 00:51:25 CET.

Flavor Version Tinstall Tcheck Ttotal Status Flags
r-devel-linux-x86_64-debian-clang 0.2 2.26 22.18 24.44 NOTE
r-devel-linux-x86_64-debian-gcc 0.2 1.75 17.69 19.44 NOTE
r-devel-linux-x86_64-fedora-clang 0.2 33.08 NOTE
r-devel-linux-x86_64-fedora-gcc 0.2 30.48 NOTE
r-devel-windows-x86_64 0.2 11.00 56.00 67.00 NOTE
r-patched-linux-x86_64 0.2 2.04 23.35 25.39 NOTE
r-release-linux-x86_64 0.2 1.94 23.28 25.22 NOTE
r-release-macos-arm64 0.2 16.00 NOTE
r-release-macos-x86_64 0.2 20.00 NOTE
r-release-windows-x86_64 0.2 9.00 55.00 64.00 NOTE
r-oldrel-macos-arm64 0.2 19.00 NOTE
r-oldrel-macos-x86_64 0.2 25.00 NOTE
r-oldrel-windows-ix86+x86_64 0.2 6.00 48.00 54.00 NOTE

Check Details

Version: 0.2
Check: LazyData
Result: NOTE
     'LazyData' is specified without a 'data' directory
Flavors: r-devel-linux-x86_64-debian-clang, r-devel-linux-x86_64-debian-gcc, r-devel-linux-x86_64-fedora-clang, r-devel-linux-x86_64-fedora-gcc, r-devel-windows-x86_64, r-patched-linux-x86_64, r-release-linux-x86_64, r-release-macos-arm64, r-release-macos-x86_64, r-release-windows-x86_64, r-oldrel-macos-arm64, r-oldrel-macos-x86_64, r-oldrel-windows-ix86+x86_64

Version: 0.2
Check: dependencies in R code
Result: NOTE
    Namespace in Imports field not imported from: ‘pracma’
     All declared Imports should be used.
Flavors: r-devel-linux-x86_64-fedora-clang, r-devel-linux-x86_64-fedora-gcc, r-release-macos-arm64, r-release-macos-x86_64, r-oldrel-macos-arm64, r-oldrel-macos-x86_64