CRAN Package Check Results for Package SolveRationalMatrixEquation

Last updated on 2020-11-29 17:46:49 CET.

Flavor Version Tinstall Tcheck Ttotal Status Flags
r-devel-linux-x86_64-debian-clang 0.1.0 2.16 23.02 25.18 NOTE
r-devel-linux-x86_64-debian-gcc 0.1.0 1.85 19.01 20.86 NOTE
r-devel-linux-x86_64-fedora-clang 0.1.0 35.80 OK
r-devel-linux-x86_64-fedora-gcc 0.1.0 26.75 OK
r-devel-windows-ix86+x86_64 0.1.0 4.00 35.00 39.00 NOTE
r-patched-linux-x86_64 0.1.0 2.38 22.22 24.60 NOTE
r-patched-solaris-x86 0.1.0 43.00 OK
r-release-linux-x86_64 0.1.0 2.28 22.46 24.74 NOTE
r-release-macos-x86_64 0.1.0 OK
r-release-windows-ix86+x86_64 0.1.0 5.00 29.00 34.00 NOTE
r-oldrel-macos-x86_64 0.1.0 OK
r-oldrel-windows-ix86+x86_64 0.1.0 4.00 30.00 34.00 OK

Check Details

Version: 0.1.0
Check: package vignettes
Result: NOTE
    Package vignette with placeholder title 'Vignette Title':
     'SolveRationalMatrixEquation.Rmd'
Flavors: r-devel-linux-x86_64-debian-clang, r-devel-linux-x86_64-debian-gcc, r-devel-windows-ix86+x86_64, r-patched-linux-x86_64, r-release-linux-x86_64, r-release-windows-ix86+x86_64