CRAN Package Check Results for Package SongEvo

Last updated on 2022-01-22 23:52:24 CET.

Flavor Version Tinstall Tcheck Ttotal Status Flags
r-devel-linux-x86_64-debian-clang 1.0.0 3.92 166.70 170.62 OK
r-devel-linux-x86_64-debian-gcc 1.0.0 2.97 118.04 121.01 OK
r-devel-linux-x86_64-fedora-clang 1.0.0 197.46 OK
r-devel-linux-x86_64-fedora-gcc 1.0.0 186.86 OK
r-devel-windows-x86_64-new-UL 1.0.0 31.00 252.00 283.00 OK
r-devel-windows-x86_64-new-TK 1.0.0 OK
r-patched-linux-x86_64 1.0.0 2.87 155.37 158.24 OK
r-release-linux-x86_64 1.0.0 2.56 156.07 158.63 OK
r-release-macos-arm64 1.0.0 OK
r-release-macos-x86_64 1.0.0 OK
r-release-windows-ix86+x86_64 1.0.0 9.00 200.00 209.00 WARN
r-oldrel-macos-x86_64 1.0.0 OK
r-oldrel-windows-ix86+x86_64 1.0.0 8.00 209.00 217.00 WARN

Check Details

Version: 1.0.0
Check: re-building of vignette outputs
Result: WARN
    Error(s) in re-building vignettes:
    --- re-building 'SongEvo.Rmd' using rmarkdown
    Loading required package: lattice
    Loading required package: survival
    Loading required package: Formula
    Loading required package: ggplot2
    
    Attaching package: 'Hmisc'
    
    The following objects are masked from 'package:base':
    
     format.pval, units
    
    ! Package pdftex.def Error: File `d:/RCompile/CRANpkg/local/4.1/SongEvo.Rcheck/
    vign_test/SongEvo/vignettes/SongEvo_files/figure-latex/Examine\%20population\%2
    0size\%20over\%20time-1.pdf' not found.
    
    Error: processing vignette 'SongEvo.Rmd' failed with diagnostics:
    LaTeX failed to compile d:/RCompile/CRANpkg/local/4.1/SongEvo.Rcheck/vign_test/SongEvo/vignettes/SongEvo.tex. See https://yihui.org/tinytex/r/#debugging for debugging tips. See SongEvo.log for more info.
    --- failed re-building 'SongEvo.Rmd'
    
    SUMMARY: processing the following file failed:
     'SongEvo.Rmd'
    
    Error: Vignette re-building failed.
    Execution halted
Flavor: r-release-windows-ix86+x86_64

Version: 1.0.0
Check: re-building of vignette outputs
Result: WARN
    Error(s) in re-building vignettes:
    --- re-building 'SongEvo.Rmd' using rmarkdown
    Loading required package: lattice
    Loading required package: survival
    Loading required package: Formula
    Loading required package: ggplot2
    
    Attaching package: 'Hmisc'
    
    The following objects are masked from 'package:base':
    
     format.pval, units
    
    ! Package pdftex.def Error: File `d:/RCompile/CRANpkg/local/4.0/SongEvo.Rcheck/
    vign_test/SongEvo/vignettes/SongEvo_files/figure-latex/Examine\%20population\%2
    0size\%20over\%20time-1.pdf' not found.
    
    Error: processing vignette 'SongEvo.Rmd' failed with diagnostics:
    LaTeX failed to compile d:/RCompile/CRANpkg/local/4.0/SongEvo.Rcheck/vign_test/SongEvo/vignettes/SongEvo.tex. See https://yihui.org/tinytex/r/#debugging for debugging tips. See SongEvo.log for more info.
    --- failed re-building 'SongEvo.Rmd'
    
    SUMMARY: processing the following file failed:
     'SongEvo.Rmd'
    
    Error: Vignette re-building failed.
    Execution halted
Flavor: r-oldrel-windows-ix86+x86_64