Last updated on 2023-06-06 06:53:57 CEST.
Flavor | Version | Tinstall | Tcheck | Ttotal | Status | Flags |
---|---|---|---|---|---|---|
r-devel-linux-x86_64-debian-clang | 1.6.2 | 76.22 | 304.85 | 381.07 | OK | |
r-devel-linux-x86_64-debian-gcc | 1.6.2 | 65.18 | 231.59 | 296.77 | OK | |
r-devel-linux-x86_64-fedora-clang | 1.6.2 | 507.76 | NOTE | |||
r-devel-linux-x86_64-fedora-gcc | 1.6.2 | 511.07 | OK | |||
r-devel-windows-x86_64 | 1.6.2 | 58.00 | 427.00 | 485.00 | NOTE | |
r-patched-linux-x86_64 | 1.6.2 | 67.57 | 289.43 | 357.00 | OK | |
r-release-linux-x86_64 | 1.6.2 | 56.81 | 285.37 | 342.18 | OK | |
r-release-macos-arm64 | 1.6.2 | 161.00 | NOTE | |||
r-release-macos-x86_64 | 1.6.2 | 253.00 | NOTE | |||
r-release-windows-x86_64 | 1.6.2 | 91.00 | 536.00 | 627.00 | NOTE | |
r-oldrel-macos-arm64 | 1.6.2 | 193.00 | NOTE | |||
r-oldrel-macos-x86_64 | 1.6.2 | 207.00 | NOTE | |||
r-oldrel-windows-x86_64 | 1.6.2 | 93.00 | 565.00 | 658.00 | NOTE |
Version: 1.6.2
Check: installed package size
Result: NOTE
installed size is 5.8Mb
sub-directories of 1Mb or more:
data 3.9Mb
doc 1.0Mb
Flavors: r-devel-linux-x86_64-fedora-clang, r-devel-windows-x86_64, r-release-macos-arm64, r-release-macos-x86_64, r-release-windows-x86_64, r-oldrel-macos-arm64, r-oldrel-macos-x86_64, r-oldrel-windows-x86_64
Version: 1.6.2
Check: package dependencies
Result: NOTE
Package suggested but not available for checking: ‘DropletUtils’
Flavors: r-release-macos-arm64, r-release-macos-x86_64, r-oldrel-macos-arm64, r-oldrel-macos-x86_64