CRAN Package Check Results for Package SpATS

Last updated on 2021-09-19 19:50:32 CEST.

Flavor Version Tinstall Tcheck Ttotal Status Flags
r-devel-linux-x86_64-debian-clang 1.0-15 7.65 81.98 89.63 OK
r-devel-linux-x86_64-debian-gcc 1.0-15 6.45 61.10 67.55 OK
r-devel-linux-x86_64-fedora-clang 1.0-15 115.94 OK
r-devel-linux-x86_64-fedora-gcc 1.0-15 102.31 OK
r-devel-windows-x86_64 1.0-15 10.00 78.00 88.00 OK
r-devel-windows-x86_64-gcc10-UCRT 1.0-15 ERROR
r-patched-linux-x86_64 1.0-15 7.70 77.46 85.16 OK
r-patched-solaris-x86 1.0-15 156.10 OK
r-release-linux-x86_64 1.0-15 5.60 76.90 82.50 OK
r-release-macos-arm64 1.0-15 OK
r-release-macos-x86_64 1.0-15 OK
r-release-windows-ix86+x86_64 1.0-15 16.00 101.00 117.00 OK
r-oldrel-macos-x86_64 1.0-15 OK
r-oldrel-windows-ix86+x86_64 1.0-15 16.00 75.00 91.00 OK

Check Details

Version: 1.0-15
Check: whether package can be installed
Result: WARN
    Found the following significant warnings:
     WARNING: installation-time patches will not be applied, could not get the patches index
Flavor: r-devel-windows-x86_64-gcc10-UCRT

Version: 1.0-15
Check: PDF version of manual
Result: WARN
    LaTeX errors when creating PDF version.
    This typically indicates Rd problems.
Flavor: r-devel-windows-x86_64-gcc10-UCRT

Version: 1.0-15
Check: PDF version of manual without hyperrefs or index
Result: ERROR
    Re-running with no redirection of stdout/stderr.
Flavor: r-devel-windows-x86_64-gcc10-UCRT