CRAN Package Check Results for Package SpatEntropy

Last updated on 2022-05-26 20:49:15 CEST.

Flavor Version Tinstall Tcheck Ttotal Status Flags
r-devel-linux-x86_64-debian-clang 2.1-1 10.53 105.72 116.25 OK
r-devel-linux-x86_64-debian-gcc 2.1-1 10.24 96.80 107.04 OK
r-devel-linux-x86_64-fedora-clang 2.1-1 141.14 NOTE
r-devel-linux-x86_64-fedora-gcc 2.1-1 138.95 NOTE
r-devel-windows-x86_64 2.1-1 26.00 125.00 151.00 OK
r-patched-linux-x86_64 2.1-1 11.83 102.59 114.42 OK
r-release-linux-x86_64 2.1-1 7.02 100.47 107.49 OK
r-release-macos-arm64 2.1-1 39.00 NOTE
r-release-macos-x86_64 2.1-1 74.00 NOTE
r-release-windows-x86_64 2.1-1 27.00 128.00 155.00 OK
r-oldrel-macos-arm64 2.1-1 32.00 NOTE
r-oldrel-macos-x86_64 2.1-1 52.00 NOTE
r-oldrel-windows-ix86+x86_64 2.1-1 22.00 120.00 142.00 OK

Check Details

Version: 2.1-1
Check: dependencies in R code
Result: NOTE
    Namespaces in Imports field not imported from:
     ‘spatstat.core’ ‘spatstat.linnet’
     All declared Imports should be used.
Flavors: r-devel-linux-x86_64-fedora-clang, r-devel-linux-x86_64-fedora-gcc, r-release-macos-arm64, r-release-macos-x86_64, r-oldrel-macos-arm64, r-oldrel-macos-x86_64