CRAN Package Check Results for Package SpatialExtremes

Last updated on 2019-11-14 01:54:28 CET.

Flavor Version Tinstall Tcheck Ttotal Status Flags
r-devel-linux-x86_64-debian-clang 2.0-7.2 34.80 144.66 179.46 OK
r-devel-linux-x86_64-debian-gcc 2.0-7.2 26.59 102.89 129.48 WARN
r-devel-linux-x86_64-fedora-clang 2.0-7.2 227.24 OK
r-devel-linux-x86_64-fedora-gcc 2.0-7.2 221.69 WARN
r-devel-windows-ix86+x86_64 2.0-7.2 118.00 238.00 356.00 OK
r-patched-linux-x86_64 2.0-7.2 29.40 139.61 169.01 OK
r-patched-solaris-x86 2.0-7.2 351.00 OK
r-release-linux-x86_64 2.0-7.2 28.64 139.02 167.66 OK
r-release-windows-ix86+x86_64 2.0-7.2 103.00 247.00 350.00 OK
r-release-osx-x86_64 2.0-7.2 OK
r-oldrel-windows-ix86+x86_64 2.0-7.2 76.00 286.00 362.00 OK
r-oldrel-osx-x86_64 2.0-7.2 OK

Check Details

Version: 2.0-7.2
Check: whether package can be installed
Result: WARN
    Found the following significant warnings:
     fft.c:138:9: warning: array subscript -1 is outside array bounds of ā€˜int[15]ā€™ [-Warray-bounds]
Flavors: r-devel-linux-x86_64-debian-gcc, r-devel-linux-x86_64-fedora-gcc