CRAN Package Check Results for Package SpatialVx

Last updated on 2024-07-21 15:53:45 CEST.

Flavor Version Tinstall Tcheck Ttotal Status Flags
r-devel-linux-x86_64-debian-clang 1.0-2 39.85 250.43 290.28 OK
r-devel-linux-x86_64-debian-gcc 1.0-2 25.25 184.67 209.92 NOTE
r-devel-linux-x86_64-fedora-clang 1.0-2 366.50 OK
r-devel-linux-x86_64-fedora-gcc 1.0-2 346.12 OK
r-devel-windows-x86_64 1.0-2 31.00 210.00 241.00 NOTE
r-patched-linux-x86_64 1.0-2 31.51 242.35 273.86 OK
r-release-linux-x86_64 1.0-2 23.41 244.94 268.35 OK
r-release-macos-arm64 1.0-2 83.00 OK
r-release-macos-x86_64 1.0-2 145.00 OK
r-release-windows-x86_64 1.0-2 27.00 208.00 235.00 OK
r-oldrel-macos-arm64 1.0-2 99.00 OK
r-oldrel-macos-x86_64 1.0-2 238.00 OK
r-oldrel-windows-x86_64 1.0-2 37.00 253.00 290.00 OK

Check Details

Version: 1.0-2
Check: Rd cross-references
Result: NOTE Found the following Rd file(s) with Rd \link{} targets missing package anchors: Aindex.Rd: as.im, solutionset, convexhull Cindex.Rd: connected, as.im EBS.Rd: boot, tsboot, poly.image, image.plot FeatureAxis.Rd: owin, convexhull, sma, as.psp, angles.psp, rotate.owin, rotate.psp, boundingbox, midpoints.psp, lengths_psp, infline, clip.infline, connected, tiles, tess, solutionset FeatureFinder.Rd: connected, as.im, tess, tiles, owin FeatureMatchAnalyzer.Rd: deltametric FeatureProps.Rd: owin, convexhull, sma, as.psp, angles.psp, rotate.owin, rotate.psp, boundingbox, midpoints.psp, lengths_psp, infline, clip.infline, connected, tiles, tess, solutionset Gbeta.Rd: solutionset LocSig.Rd: tsboot, boot, boot.ci, image.plot, as.image OF.Rd: circ.summary S1.Rd: kernel2dmeitsjer abserrloss.Rd: vgram.matrix, vgram bearing.Rd: rdist.earth binarizer.Rd: im, solutionset censqdelta.Rd: deltametric centdist.Rd: as.im, solutionset deltamm.Rd: deltametric, owin, tess, tiles, connected disjointer.Rd: connected fss2dPlot.Rd: image.plot fss2dfun.Rd: kernel2dsmooth gmm2d.Rd: turboem, connected griddedVgram.Rd: vgram.matrix hiw.Rd: centroid.owin, as.psp, psp, crossing.psp, lengths_psp, angles.psp hoods2d.Rd: kernel2dsmooth hoods2dPlot.Rd: image.plot locmeasures2d.Rd: deltametric, distmap locperf.Rd: distmap, solutionset, im, boundingbox, as.rectangle lossdiff.Rd: vgram.matrix make.SpatialVx.Rd: poly.image metrV.Rd: distmap, im, solutionset, deltametric pphindcast2d.Rd: kernel2dsmooth saller.Rd: centroid.owin, connected, tiles, tess spatbiasFS.Rd: tsboot spct.Rd: vgram structurogram.Rd: vgram, vgram.matrix structurogram.matrix.Rd: vgram.matrix, vgram, plot.vgram.matrix upscale2d.Rd: kernel2dsmooth, kernel2dmeitsjer variographier.Rd: vgram.matrix waveIS.Rd: dwt.2d, modwt.2d, idwt.2d, imodwt.2d wavePurifyVx.Rd: denoise.dwt.2d, denoise.modwt.2d waverify2d.Rd: dwt.2d, idwt.2d Please provide package anchors for all Rd \link{} targets not in the package itself and the base packages. Flavors: r-devel-linux-x86_64-debian-gcc, r-devel-windows-x86_64