CRAN Package Check Results for Package SplitGLM

Last updated on 2022-01-28 01:50:46 CET.

Flavor Version Tinstall Tcheck Ttotal Status Flags
r-devel-linux-x86_64-debian-clang 1.0.2 103.38 43.41 146.79 OK
r-devel-linux-x86_64-debian-gcc 1.0.2 84.57 33.88 118.45 OK
r-devel-linux-x86_64-fedora-clang 1.0.2 231.15 OK
r-devel-linux-x86_64-fedora-gcc 1.0.2 198.35 OK
r-devel-windows-x86_64-new-UL 1.0.2 103.00 85.00 188.00 OK
r-devel-windows-x86_64-new-TK 1.0.2 OK
r-patched-linux-x86_64 1.0.2 90.08 41.08 131.16 OK
r-release-linux-x86_64 1.0.2 88.23 40.99 129.22 OK
r-release-macos-arm64 1.0.2 NOTE
r-release-macos-x86_64 1.0.2 NOTE
r-release-windows-ix86+x86_64 1.0.2 262.00 80.00 342.00 OK
r-oldrel-macos-x86_64 1.0.2 NOTE
r-oldrel-windows-ix86+x86_64 1.0.2 262.00 82.00 344.00 OK

Check Details

Version: 1.0.2
Check: installed package size
Result: NOTE
     installed size is 6.2Mb
     sub-directories of 1Mb or more:
     libs 6.1Mb
Flavors: r-release-macos-arm64, r-release-macos-x86_64, r-oldrel-macos-x86_64