CRAN Package Check Results for Package SpotSampling

Last updated on 2022-08-13 09:54:37 CEST.

Flavor Version Tinstall Tcheck Ttotal Status Flags
r-devel-linux-x86_64-debian-clang 0.1.0 1.81 31.44 33.25 NOTE
r-devel-linux-x86_64-debian-gcc 0.1.0 2.02 24.61 26.63 NOTE
r-devel-linux-x86_64-fedora-clang 0.1.0 52.03 NOTE
r-devel-linux-x86_64-fedora-gcc 0.1.0 50.13 NOTE
r-devel-windows-x86_64 0.1.0 24.00 62.00 86.00 NOTE
r-patched-linux-x86_64 0.1.0 1.88 29.85 31.73 NOTE
r-release-linux-x86_64 0.1.0 1.81 30.05 31.86 NOTE
r-release-macos-arm64 0.1.0 19.00 NOTE
r-release-macos-x86_64 0.1.0 25.00 NOTE
r-release-windows-x86_64 0.1.0 20.00 63.00 83.00 NOTE
r-oldrel-macos-arm64 0.1.0 23.00 NOTE
r-oldrel-macos-x86_64 0.1.0 33.00 NOTE
r-oldrel-windows-ix86+x86_64 0.1.0 8.00 54.00 62.00 NOTE

Check Details

Version: 0.1.0
Check: LazyData
Result: NOTE
     'LazyData' is specified without a 'data' directory
Flavors: r-devel-linux-x86_64-debian-clang, r-devel-linux-x86_64-debian-gcc, r-devel-linux-x86_64-fedora-clang, r-devel-linux-x86_64-fedora-gcc, r-devel-windows-x86_64, r-patched-linux-x86_64, r-release-linux-x86_64, r-release-macos-arm64, r-release-macos-x86_64, r-release-windows-x86_64, r-oldrel-macos-arm64, r-oldrel-macos-x86_64, r-oldrel-windows-ix86+x86_64

Version: 0.1.0
Check: dependencies in R code
Result: NOTE
    Namespace in Imports field not imported from: ‘sampling’
     All declared Imports should be used.
Flavors: r-devel-linux-x86_64-fedora-clang, r-devel-linux-x86_64-fedora-gcc, r-release-macos-arm64, r-release-macos-x86_64, r-oldrel-macos-arm64, r-oldrel-macos-x86_64