CRAN Package Check Results for Package StanHeaders

Last updated on 2022-05-21 16:49:14 CEST.

Flavor Version Tinstall Tcheck Ttotal Status Flags
r-devel-linux-x86_64-debian-clang 2.21.0-7 31.70 510.38 542.08 OK
r-devel-linux-x86_64-debian-gcc 2.21.0-7 24.00 406.96 430.96 OK
r-devel-linux-x86_64-fedora-clang 2.21.0-7 647.61 NOTE
r-devel-linux-x86_64-fedora-gcc 2.21.0-7 652.27 OK
r-devel-windows-x86_64 2.21.0-7 2577.00 600.00 3177.00 NOTE
r-patched-linux-x86_64 2.21.0-7 27.32 498.07 525.39 OK
r-release-linux-x86_64 2.21.0-7 25.06 494.47 519.53 OK
r-release-macos-arm64 2.21.0-7 144.00 NOTE
r-release-macos-x86_64 2.21.0-7 193.00 NOTE
r-release-windows-x86_64 2.21.0-7 2657.00 611.00 3268.00 NOTE
r-oldrel-macos-arm64 2.21.0-7 174.00 NOTE
r-oldrel-macos-x86_64 2.21.0-7 304.00 NOTE
r-oldrel-windows-ix86+x86_64 2.21.0-7 99.00 588.00 687.00 NOTE

Check Details

Version: 2.21.0-7
Check: installed package size
Result: NOTE
     installed size is 13.4Mb
     sub-directories of 1Mb or more:
     include 10.7Mb
     lib 2.5Mb
Flavors: r-devel-linux-x86_64-fedora-clang, r-devel-windows-x86_64, r-release-macos-arm64, r-release-macos-x86_64, r-release-windows-x86_64, r-oldrel-macos-arm64, r-oldrel-macos-x86_64, r-oldrel-windows-ix86+x86_64